CRAN Package Check Results for Package GENEAclassify

Last updated on 2021-09-28 05:48:42 CEST.

Flavor Version Tinstall Tcheck Ttotal Status Flags
r-devel-linux-x86_64-debian-clang 1.5.2 6.64 47.54 54.18 OK
r-devel-linux-x86_64-debian-gcc 1.5.2 5.01 37.35 42.36 OK
r-devel-linux-x86_64-fedora-clang 1.5.2 73.99 NOTE
r-devel-linux-x86_64-fedora-gcc 1.5.2 67.06 OK
r-devel-windows-x86_64 1.5.2 7.00 55.00 62.00 OK
r-devel-windows-x86_64-gcc10-UCRT 1.5.2 OK
r-patched-linux-x86_64 1.5.2 6.44 46.27 52.71 OK
r-patched-solaris-x86 1.5.2 89.20 OK
r-release-linux-x86_64 1.5.2 6.70 46.28 52.98 OK
r-release-macos-arm64 1.5.2 OK
r-release-macos-x86_64 1.5.2 OK
r-release-windows-ix86+x86_64 1.5.2 14.00 69.00 83.00 OK
r-oldrel-macos-x86_64 1.5.2 OK
r-oldrel-windows-ix86+x86_64 1.5.2 11.00 54.00 65.00 OK

Check Details

Version: 1.5.2
Check: Rd cross-references
Result: NOTE
    Undeclared package ‘mmap’ in Rd xrefs
Flavor: r-devel-linux-x86_64-fedora-clang