CRAN Package Check Results for Package GENLIB

Last updated on 2021-12-06 05:53:10 CET.

Flavor Version Tinstall Tcheck Ttotal Status Flags
r-devel-linux-x86_64-debian-clang 1.1.5 101.82 122.40 224.22 OK
r-devel-linux-x86_64-debian-gcc 1.1.5 72.17 97.53 169.70 OK
r-devel-linux-x86_64-fedora-clang 1.1.5 312.49 OK
r-devel-linux-x86_64-fedora-gcc 1.1.5 271.23 OK
r-devel-windows-x86_64-new-UL 1.1.5 161.00 221.00 382.00 OK
r-devel-windows-x86_64-new-TK 1.1.5 OK
r-devel-windows-x86_64-old 1.1.5 150.00 143.00 293.00 OK
r-patched-linux-x86_64 1.1.5 81.27 112.70 193.97 OK
r-release-linux-x86_64 1.1.5 86.23 121.58 207.81 OK
r-release-macos-arm64 1.1.5 WARN
r-release-macos-x86_64 1.1.5 WARN
r-release-windows-ix86+x86_64 1.1.5 263.00 274.00 537.00 OK
r-oldrel-macos-x86_64 1.1.5 WARN
r-oldrel-windows-ix86+x86_64 1.1.5 263.00 278.00 541.00 OK

Additional issues

M1mac M1mac

Check Details

Version: 1.1.5
Check: whether package can be installed
Result: WARN
    Found the following significant warnings:
     hal.cpp:266:10: warning: 'sem_init' is deprecated [-Wdeprecated-declarations]
     hal.cpp:271:13: warning: 'sem_destroy' is deprecated [-Wdeprecated-declarations]
Flavors: r-release-macos-arm64, r-release-macos-x86_64, r-oldrel-macos-x86_64