CRAN Package Check Results for Package GFD

Last updated on 2021-09-28 05:48:42 CEST.

Flavor Version Tinstall Tcheck Ttotal Status Flags
r-devel-linux-x86_64-debian-clang 0.3.2 6.05 68.10 74.15 OK
r-devel-linux-x86_64-debian-gcc 0.3.2 4.94 51.56 56.50 OK
r-devel-linux-x86_64-fedora-clang 0.3.2 96.99 OK
r-devel-linux-x86_64-fedora-gcc 0.3.2 92.54 OK
r-devel-windows-x86_64 0.3.2 8.00 71.00 79.00 OK
r-devel-windows-x86_64-gcc10-UCRT 0.3.2 OK
r-patched-linux-x86_64 0.3.2 6.48 65.85 72.33 OK
r-patched-solaris-x86 0.3.2 110.40 OK
r-release-linux-x86_64 0.3.2 5.66 65.01 70.67 OK
r-release-macos-arm64 0.2.9 WARN
r-release-macos-x86_64 0.3.2 OK
r-release-windows-ix86+x86_64 0.3.2 18.00 84.00 102.00 OK
r-oldrel-macos-x86_64 0.3.2 OK
r-oldrel-windows-ix86+x86_64 0.3.2 12.00 72.00 84.00 OK

Check Details

Version: 0.2.9
Check: package dependencies
Result: NOTE
    Package suggested but not available for checking: ‘RGtk2’
Flavor: r-release-macos-arm64

Version: 0.2.9
Check: re-building of vignette outputs
Result: WARN
    Error(s) in re-building vignettes:
     ...
    --- re-building ‘IntroductionToGFD.Rmd’ using rmarkdown
    Pandoc is required to build R Markdown vignettes but not available. Please make sure it is installed.
    Quitting from lines 106-107 (IntroductionToGFD.Rmd)
    Error: processing vignette 'IntroductionToGFD.Rmd' failed with diagnostics:
    The GUI cannot be used without packages RGtk2.
    --- failed re-building ‘IntroductionToGFD.Rmd’
    
    SUMMARY: processing the following file failed:
     ‘IntroductionToGFD.Rmd’
    
    Error: Vignette re-building failed.
    Execution halted
Flavor: r-release-macos-arm64