CRAN Package Check Results for Package GFD

Last updated on 2019-06-26 06:47:26 CEST.

Flavor Version Tinstall Tcheck Ttotal Status Flags
r-devel-linux-x86_64-debian-clang 0.2.6 2.89 43.00 45.89 OK
r-devel-linux-x86_64-debian-gcc 0.2.6 1.84 33.87 35.71 OK
r-devel-linux-x86_64-fedora-clang 0.2.6 53.96 OK
r-devel-linux-x86_64-fedora-gcc 0.2.6 52.05 OK
r-devel-windows-ix86+x86_64 0.2.6 8.00 72.00 80.00 OK
r-patched-linux-x86_64 0.2.6 2.96 41.99 44.95 OK
r-patched-solaris-x86 0.2.6 82.50 OK
r-release-linux-x86_64 0.2.6 2.78 42.46 45.24 OK
r-release-windows-ix86+x86_64 0.2.6 6.00 64.00 70.00 OK
r-release-osx-x86_64 0.2.6 WARN
r-oldrel-windows-ix86+x86_64 0.2.6 3.00 51.00 54.00 OK
r-oldrel-osx-x86_64 0.2.6 WARN

Check Details

Version: 0.2.6
Check: package dependencies
Result: NOTE
    Package suggested but not available for checking: ‘RGtk2’
Flavors: r-release-osx-x86_64, r-oldrel-osx-x86_64

Version: 0.2.6
Check: re-building of vignette outputs
Result: WARN
    Error(s) in re-building vignettes:
     ...
    --- re-building ‘IntroductionToGFD.Rmd’ using rmarkdown
    Warning in engine$weave(file, quiet = quiet, encoding = enc) :
     Pandoc (>= 1.12.3) and/or pandoc-citeproc not available. Falling back to R Markdown v1.
    Quitting from lines 106-107 (IntroductionToGFD.Rmd)
    Error: processing vignette 'IntroductionToGFD.Rmd' failed with diagnostics:
    there is no package called 'RGtk2'
    --- failed re-building ‘IntroductionToGFD.Rmd’
    
    SUMMARY: processing the following file failed:
     ‘IntroductionToGFD.Rmd’
    
    Error: Vignette re-building failed.
    Execution halted
Flavor: r-release-osx-x86_64

Version: 0.2.6
Check: re-building of vignette outputs
Result: WARN
    Error in re-building vignettes:
     ...
    Warning in engine$weave(file, quiet = quiet, encoding = enc) :
     Pandoc (>= 1.12.3) and/or pandoc-citeproc not available. Falling back to R Markdown v1.
    Quitting from lines 106-107 (IntroductionToGFD.Rmd)
    Error: processing vignette 'IntroductionToGFD.Rmd' failed with diagnostics:
    there is no package called 'RGtk2'
    Execution halted
Flavor: r-oldrel-osx-x86_64