Last updated on 2025-06-14 06:49:56 CEST.
Flavor | Version | Tinstall | Tcheck | Ttotal | Status | Flags |
---|---|---|---|---|---|---|
r-devel-linux-x86_64-debian-clang | 0.1.0 | 30.70 | 70.66 | 101.36 | NOTE | |
r-devel-linux-x86_64-debian-gcc | 0.1.0 | 21.76 | 52.39 | 74.15 | NOTE | |
r-devel-linux-x86_64-fedora-clang | 0.1.0 | 179.59 | OK | |||
r-devel-linux-x86_64-fedora-gcc | 0.1.0 | 168.87 | OK | |||
r-devel-windows-x86_64 | 0.1.0 | 38.00 | 93.00 | 131.00 | OK | |
r-patched-linux-x86_64 | 0.1.0 | 31.56 | 66.46 | 98.02 | OK | |
r-release-linux-x86_64 | 0.1.0 | 30.89 | 67.07 | 97.96 | OK | |
r-release-macos-arm64 | 0.1.0 | 50.00 | OK | |||
r-release-macos-x86_64 | 0.1.0 | 85.00 | OK | |||
r-release-windows-x86_64 | 0.1.0 | 41.00 | 89.00 | 130.00 | OK | |
r-oldrel-macos-arm64 | 0.1.0 | 43.00 | OK | |||
r-oldrel-macos-x86_64 | 0.1.0 | 64.00 | OK | |||
r-oldrel-windows-x86_64 | 0.1.0 | 47.00 | 115.00 | 162.00 | OK |
Version: 0.1.0
Check: CRAN incoming feasibility
Result: NOTE
Maintainer: ‘Lukasz Smaga <ls@amu.edu.pl>’
The Description field contains
<arXiv:2301.12009>). We can verify the global hypothesis about equality
Please refer to arXiv e-prints via their arXiv DOI <doi:10.48550/arXiv.YYMM.NNNNN>.
Flavors: r-devel-linux-x86_64-debian-clang, r-devel-linux-x86_64-debian-gcc