Last updated on 2023-02-07 05:55:34 CET.
Flavor | Version | Tinstall | Tcheck | Ttotal | Status | Flags |
---|---|---|---|---|---|---|
r-devel-linux-x86_64-debian-clang | 2.1.1 | 40.34 | 116.48 | 156.82 | NOTE | |
r-devel-linux-x86_64-debian-gcc | 2.1.1 | 29.59 | 85.62 | 115.21 | NOTE | |
r-devel-linux-x86_64-fedora-clang | 2.1.1 | 213.69 | NOTE | |||
r-devel-linux-x86_64-fedora-gcc | 2.1.1 | 243.86 | NOTE | |||
r-devel-windows-x86_64 | 2.1.1 | 52.00 | 173.00 | 225.00 | NOTE | |
r-patched-linux-x86_64 | 2.1.1 | 35.12 | 114.77 | 149.89 | OK | |
r-release-linux-x86_64 | 2.1.1 | 35.44 | 120.72 | 156.16 | OK | |
r-release-macos-arm64 | 2.1.1 | 75.00 | NOTE | |||
r-release-macos-x86_64 | 2.1.1 | 171.00 | NOTE | |||
r-release-windows-x86_64 | 2.1.1 | 54.00 | 215.00 | 269.00 | OK | |
r-oldrel-macos-arm64 | 2.1.1 | 60.00 | NOTE | |||
r-oldrel-macos-x86_64 | 2.1.1 | 100.00 | NOTE | |||
r-oldrel-windows-ix86+x86_64 | 2.1.1 | 96.00 | 184.00 | 280.00 | OK |
Version: 2.1.1
Check: C++ specification
Result: NOTE
Specified C++11: please update to current default of C++17
Flavors: r-devel-linux-x86_64-debian-clang, r-devel-linux-x86_64-debian-gcc, r-devel-linux-x86_64-fedora-clang, r-devel-linux-x86_64-fedora-gcc, r-devel-windows-x86_64
Version: 2.1.1
Check: Rd files
Result: NOTE
checkRd: (-1) boot_eip.Rd:50: Escaped LaTeX specials: \&
checkRd: (-1) constrained.Rd:93: Escaped LaTeX specials: \&
Flavors: r-devel-linux-x86_64-debian-clang, r-devel-linux-x86_64-debian-gcc, r-devel-linux-x86_64-fedora-clang, r-devel-linux-x86_64-fedora-gcc, r-devel-windows-x86_64
Version: 2.1.1
Check: dependencies in R code
Result: NOTE
Namespaces in Imports field not imported from:
‘Rdpack’ ‘mathjaxr’
All declared Imports should be used.
Flavors: r-devel-linux-x86_64-fedora-clang, r-devel-linux-x86_64-fedora-gcc, r-release-macos-arm64, r-release-macos-x86_64, r-oldrel-macos-arm64, r-oldrel-macos-x86_64