CRAN Package Check Results for Package GIFTr

Last updated on 2024-06-13 06:58:03 CEST.

Flavor Version Tinstall Tcheck Ttotal Status Flags
r-devel-linux-x86_64-debian-clang 0.1.0 3.45 37.58 41.03 NOTE
r-devel-linux-x86_64-debian-gcc 0.1.0 0.34 1.81 2.15 ERROR
r-devel-linux-x86_64-fedora-clang 0.1.0 53.52 NOTE
r-devel-linux-x86_64-fedora-gcc 0.1.0 62.21 NOTE
r-devel-windows-x86_64 0.1.0 4.00 51.00 55.00 NOTE
r-patched-linux-x86_64 0.1.0 3.84 36.92 40.76 NOTE
r-release-linux-x86_64 0.1.0 3.84 37.37 41.21 NOTE
r-release-macos-arm64 0.1.0 26.00 NOTE
r-release-macos-x86_64 0.1.0 38.00 NOTE
r-release-windows-x86_64 0.1.0 5.00 55.00 60.00 NOTE
r-oldrel-macos-arm64 0.1.0 29.00 OK
r-oldrel-macos-x86_64 0.1.0 36.00 OK
r-oldrel-windows-x86_64 0.1.0 5.00 54.00 59.00 OK

Check Details

Version: 0.1.0
Check: Rd files
Result: NOTE checkRd: (-1) GIFTr.Rd:49: Lost braces; missing escapes or markup? 49 | \subsection{LATEX Support}{'MOODLE' also supports inline and block LATEX equations through \href{https://www.mathjax.org/}{mathjax}, however you have to be careful with the \href{https://docs.moodle.org/37/en/GIFT_format#Special_Characters_.7E_.3D_.23_.7B_.7D}{special characters} like curly brackets /{/} and equal sign = , so you have to use back slash before those to ensure you can import correctly.\cr\cr Note that if you see thee data in console, you will find it with 2 backslash \\, however that's the escaping of the backslash in R and you write with with single slash normally. Check \link{GIFTrData} \code{GIFTrData[11,3]}for an example. For further details on LATEX, check \href{https://docs.moodle.org/23/en/Using_TeX_Notation}{'MOODLE' docs}.} | ^ checkRd: (-1) mcq.Rd:46: Lost braces; missing escapes or markup? 46 | \subsection{LATEX Support}{'MOODLE' also supports inline and block LATEX equations through \href{https://www.mathjax.org/}{mathjax}, however you have to be careful with the \href{https://docs.moodle.org/37/en/GIFT_format#Special_Characters_.7E_.3D_.23_.7B_.7D}{special characters} like curly brackets /{/} and equal sign = , so you have to use back slash before those to ensure you can import correctly.\cr\cr Note that if you see thee data in console, you will find it with 2 backslash \\, however that's the escaping of the backslash in R and you write with with single slash normally. Check \link{GIFTrData} \code{GIFTrData[11,3]}for an example. For further details on LATEX, check \href{https://docs.moodle.org/23/en/Using_TeX_Notation}{'MOODLE' docs}.} | ^ checkRd: (-1) num_q.Rd:54: Lost braces; missing escapes or markup? 54 | \subsection{LATEX Support}{'MOODLE' also supports inline and block LATEX equations through \href{https://www.mathjax.org/}{mathjax}, however you have to be careful with the \href{https://docs.moodle.org/37/en/GIFT_format#Special_Characters_.7E_.3D_.23_.7B_.7D}{special characters} like curly brackets /{/} and equal sign = , so you have to use back slash before those to ensure you can import correctly.\cr\cr Note that if you see thee data in console, you will find it with 2 backslash \\, however that's the escaping of the backslash in R and you write with with single slash normally. Check \link{GIFTrData} \code{GIFTrData[11,3]}for an example. For further details on LATEX, check \href{https://docs.moodle.org/23/en/Using_TeX_Notation}{'MOODLE' docs}.} | ^ checkRd: (-1) short_ans.Rd:45: Lost braces; missing escapes or markup? 45 | \subsection{LATEX Support}{'MOODLE' also supports inline and block LATEX equations through \href{https://www.mathjax.org/}{mathjax}, however you have to be careful with the \href{https://docs.moodle.org/37/en/GIFT_format#Special_Characters_.7E_.3D_.23_.7B_.7D}{special characters} like curly brackets /{/} and equal sign = , so you have to use back slash before those to ensure you can import correctly.\cr\cr Note that if you see thee data in console, you will find it with 2 backslash \\, however that's the escaping of the backslash in R and you write with with single slash normally. Check \link{GIFTrData} \code{GIFTrData[11,3]}for an example. For further details on LATEX, check \href{https://docs.moodle.org/23/en/Using_TeX_Notation}{'MOODLE' docs}.} | ^ checkRd: (-1) tf_q.Rd:45: Lost braces; missing escapes or markup? 45 | \subsection{LATEX Support}{'MOODLE' also supports inline and block LATEX equations through \href{https://www.mathjax.org/}{mathjax}, however you have to be careful with the \href{https://docs.moodle.org/37/en/GIFT_format#Special_Characters_.7E_.3D_.23_.7B_.7D}{special characters} like curly brackets /{/} and equal sign = , so you have to use back slash before those to ensure you can import correctly.\cr\cr Note that if you see thee data in console, you will find it with 2 backslash \\, however that's the escaping of the backslash in R and you write with with single slash normally. Check \link{GIFTrData} \code{GIFTrData[11,3]}for an example. For further details on LATEX, check \href{https://docs.moodle.org/23/en/Using_TeX_Notation}{'MOODLE' docs}.} | ^ Flavors: r-devel-linux-x86_64-debian-clang, r-devel-linux-x86_64-fedora-clang, r-devel-linux-x86_64-fedora-gcc, r-devel-windows-x86_64, r-patched-linux-x86_64, r-release-linux-x86_64, r-release-macos-arm64, r-release-macos-x86_64, r-release-windows-x86_64

Version: 0.1.0
Check: package dependencies
Result: ERROR Package required but not available: ‘stringr’ Package suggested but not available for checking: ‘kableExtra’ See section ‘The DESCRIPTION file’ in the ‘Writing R Extensions’ manual. Flavor: r-devel-linux-x86_64-debian-gcc