Last updated on 2023-02-02 06:03:29 CET.
Flavor | Version | Tinstall | Tcheck | Ttotal | Status | Flags |
---|---|---|---|---|---|---|
r-devel-linux-x86_64-debian-clang | 0.7 | 2.25 | 23.99 | 26.24 | OK | |
r-devel-linux-x86_64-debian-gcc | 0.7 | 2.11 | 18.34 | 20.45 | OK | |
r-devel-linux-x86_64-fedora-clang | 0.7 | 34.87 | NOTE | |||
r-devel-linux-x86_64-fedora-gcc | 0.7 | 33.06 | OK | |||
r-devel-windows-x86_64 | 0.7 | 20.00 | 58.00 | 78.00 | OK | |
r-patched-linux-x86_64 | 0.7 | 2.43 | 23.33 | 25.76 | OK | |
r-release-linux-x86_64 | 0.7 | 2.35 | 23.38 | 25.73 | OK | |
r-release-macos-arm64 | 0.7 | 15.00 | OK | |||
r-release-macos-x86_64 | 0.7 | 22.00 | OK | |||
r-release-windows-x86_64 | 0.7 | 16.00 | 43.00 | 59.00 | OK | |
r-oldrel-macos-arm64 | 0.7 | 18.00 | OK | |||
r-oldrel-macos-x86_64 | 0.7 | 23.00 | OK | |||
r-oldrel-windows-ix86+x86_64 | 0.7 | 11.00 | 47.00 | 58.00 | OK |
Version: 0.7
Check: Rd cross-references
Result: NOTE
Undeclared package ‘Runuran’ in Rd xrefs
Flavor: r-devel-linux-x86_64-fedora-clang