CRAN Package Check Results for Package GLMaSPU

Last updated on 2019-07-16 05:48:15 CEST.

Flavor Version Tinstall Tcheck Ttotal Status Flags
r-devel-linux-x86_64-debian-clang 1.0 27.20 26.36 53.56 OK
r-devel-linux-x86_64-debian-gcc 1.0 20.74 21.57 42.31 OK
r-devel-linux-x86_64-fedora-clang 1.0 70.72 NOTE
r-devel-linux-x86_64-fedora-gcc 1.0 69.84 NOTE
r-devel-windows-ix86+x86_64 1.0 68.00 58.00 126.00 OK
r-patched-linux-x86_64 1.0 24.55 26.32 50.87 OK
r-patched-solaris-x86 1.0 83.50 OK
r-release-linux-x86_64 1.0 23.62 26.46 50.08 OK
r-release-windows-ix86+x86_64 1.0 55.00 80.00 135.00 OK
r-release-osx-x86_64 1.0 OK
r-oldrel-windows-ix86+x86_64 1.0 67.00 57.00 124.00 OK
r-oldrel-osx-x86_64 1.0 OK

Check Details

Version: 1.0
Check: compiled code
Result: NOTE
    File ‘GLMaSPU/libs/GLMaSPU.so’:
     Found no calls to: ‘R_registerRoutines’, ‘R_useDynamicSymbols’
    
    It is good practice to register native routines and to disable symbol
    search.
    
    See ‘Writing portable packages’ in the ‘Writing R Extensions’ manual.
Flavors: r-devel-linux-x86_64-fedora-clang, r-devel-linux-x86_64-fedora-gcc