CRAN Package Check Results for Package GLMaSPU

Last updated on 2021-01-18 05:47:25 CET.

Flavor Version Tinstall Tcheck Ttotal Status Flags
r-devel-linux-x86_64-debian-clang 1.0 33.69 31.19 64.88 OK
r-devel-linux-x86_64-debian-gcc 1.0 22.09 25.25 47.34 OK
r-devel-linux-x86_64-fedora-clang 1.0 96.90 NOTE
r-devel-linux-x86_64-fedora-gcc 1.0 84.07 NOTE
r-devel-windows-ix86+x86_64 1.0 55.00 57.00 112.00 OK
r-patched-linux-x86_64 1.0 26.70 29.79 56.49 OK
r-patched-solaris-x86 1.0 86.70 OK
r-release-linux-x86_64 1.0 26.14 29.80 55.94 OK
r-release-macos-x86_64 1.0 OK
r-release-windows-ix86+x86_64 1.0 78.00 63.00 141.00 OK
r-oldrel-macos-x86_64 1.0 OK
r-oldrel-windows-ix86+x86_64 1.0 68.00 73.00 141.00 OK

Check Details

Version: 1.0
Check: compiled code
Result: NOTE
    File ‘GLMaSPU/libs/GLMaSPU.so’:
     Found no calls to: ‘R_registerRoutines’, ‘R_useDynamicSymbols’
    
    It is good practice to register native routines and to disable symbol
    search.
    
    See ‘Writing portable packages’ in the ‘Writing R Extensions’ manual.
Flavors: r-devel-linux-x86_64-fedora-clang, r-devel-linux-x86_64-fedora-gcc