CRAN Package Check Results for Package GLMcat

Last updated on 2024-06-23 06:56:33 CEST.

Flavor Version Tinstall Tcheck Ttotal Status Flags
r-devel-linux-x86_64-debian-clang 0.2.6 189.62 134.99 324.61 NOTE
r-devel-linux-x86_64-debian-gcc 0.2.6 147.37 105.19 252.56 NOTE
r-devel-linux-x86_64-fedora-clang 0.2.6 428.48 NOTE
r-devel-linux-x86_64-fedora-gcc 0.2.6 534.62 NOTE
r-devel-windows-x86_64 0.2.6 137.00 178.00 315.00 NOTE
r-patched-linux-x86_64 0.2.6 179.39 139.25 318.64 OK
r-release-linux-x86_64 0.2.6 179.33 140.54 319.87 OK
r-release-macos-arm64 0.2.6 97.00 NOTE
r-release-macos-x86_64 0.2.6 122.00 NOTE
r-release-windows-x86_64 0.2.6 140.00 176.00 316.00 OK
r-oldrel-macos-arm64 0.2.6 97.00 NOTE
r-oldrel-macos-x86_64 0.2.6 134.00 NOTE
r-oldrel-windows-x86_64 0.2.6 169.00 189.00 358.00 OK

Check Details

Version: 0.2.6
Check: compiled code
Result: NOTE File ‘GLMcat/libs/GLMcat.so’: Found non-API call to R: ‘STRING_PTR’ Compiled code should not call non-API entry points in R. See ‘Writing portable packages’ in the ‘Writing R Extensions’ manual. Flavors: r-devel-linux-x86_64-debian-clang, r-devel-linux-x86_64-debian-gcc, r-devel-linux-x86_64-fedora-clang, r-devel-linux-x86_64-fedora-gcc

Version: 0.2.6
Check: dependencies in R code
Result: NOTE Namespace in Imports field not imported from: ‘ordinal’ All declared Imports should be used. Flavors: r-devel-linux-x86_64-fedora-clang, r-devel-linux-x86_64-fedora-gcc

Version: 0.2.6
Check: compiled code
Result: NOTE File 'GLMcat/libs/x64/GLMcat.dll': Found non-API call to R: 'STRING_PTR' Compiled code should not call non-API entry points in R. See 'Writing portable packages' in the 'Writing R Extensions' manual. Flavor: r-devel-windows-x86_64

Version: 0.2.6
Check: installed package size
Result: NOTE installed size is 24.4Mb sub-directories of 1Mb or more: libs 23.9Mb Flavors: r-release-macos-arm64, r-release-macos-x86_64, r-oldrel-macos-arm64, r-oldrel-macos-x86_64