CRAN Package Check Results for Package GMCM

Last updated on 2021-01-23 05:47:04 CET.

Flavor Version Tinstall Tcheck Ttotal Status Flags
r-devel-linux-x86_64-debian-clang 1.4 35.57 200.74 236.31 OK
r-devel-linux-x86_64-debian-gcc 1.4 25.03 144.47 169.50 OK
r-devel-linux-x86_64-fedora-clang 1.4 306.48 OK
r-devel-linux-x86_64-fedora-gcc 1.4 293.79 OK
r-devel-windows-ix86+x86_64 1.4 83.00 401.00 484.00 OK
r-patched-linux-x86_64 1.4 30.79 193.08 223.87 OK
r-patched-solaris-x86 1.4 410.70 OK
r-release-linux-x86_64 1.4 26.90 190.33 217.23 WARN
r-release-macos-x86_64 1.4 OK
r-release-windows-ix86+x86_64 1.4 58.00 388.00 446.00 OK
r-oldrel-macos-x86_64 1.4 OK
r-oldrel-windows-ix86+x86_64 1.4 62.00 268.00 330.00 OK

Check Details

Version: 1.4
Check: re-building of vignette outputs
Result: WARN
    Error(s) in re-building vignettes:
     ...
    --- re-building ‘usage-example-general-model.Rmd’ using rmarkdown
    --- finished re-building ‘usage-example-general-model.Rmd’
    
    --- re-building ‘usage-example-special-model.Rmd’ using rmarkdown
    --- finished re-building ‘usage-example-special-model.Rmd’
    
    --- re-building ‘usage-shiny-graphical-interface.Rmd’ using rmarkdown
    --- finished re-building ‘usage-shiny-graphical-interface.Rmd’
    
    --- re-building ‘GMCM-JStatSoft.Rnw’ using knitr
    Loading required package: lattice
    Loading required package: survival
    Loading required package: Formula
    Loading required package: ggplot2
    
    Attaching package: 'Hmisc'
    
    The following objects are masked from 'package:base':
    
     format.pval, units
    
    Error: processing vignette 'GMCM-JStatSoft.Rnw' failed with diagnostics:
    Running ‘texi2dvi’ on ‘GMCM-JStatSoft.tex’ failed.
    LaTeX errors:
    ! Undefined control sequence.
    <recently read> \Hy@colorlink
    
    l.158 \begin{document}
    
    ! Undefined control sequence.
    \close@pdflink ->\Hy@endcolorlink
     \Hy@VerboseLinkStop \pdfendlink
    l.158 \begin{document}
    
    ! Undefined control sequence.
    <recently read> \Hy@colorlink
    
    l.158 \begin{document}
    
    ! Undefined control sequence.
    \close@pdflink ->\Hy@endcolorlink
     \Hy@VerboseLinkStop \pdfendlink
    l.158 \begin{document}
    
    ! Undefined control sequence.
    <recently read> \Hy@colorlink
    
    l.158 \begin{document}
    
    ! Undefined control sequence.
    \close@pdflink ->\Hy@endcolorlink
     \Hy@VerboseLinkStop \pdfendlink
    l.158 \begin{document}
    
    ! Undefined control sequence.
    <recently read> \Hy@colorlink
    
    l.158 \begin{document}
    
    ! Undefined control sequence.
    \close@pdflink ->\Hy@endcolorlink
     \Hy@VerboseLinkStop \pdfendlink
    l.158 \begin{document}
    
    --- failed re-building ‘GMCM-JStatSoft.Rnw’
    
    SUMMARY: processing the following file failed:
     ‘GMCM-JStatSoft.Rnw’
    
    Error: Vignette re-building failed.
    Execution halted
Flavor: r-release-linux-x86_64