CRAN Package Check Results for Package GMCM

Last updated on 2021-12-09 05:59:37 CET.

Flavor Version Tinstall Tcheck Ttotal Status Flags
r-devel-linux-x86_64-debian-clang 1.4 34.36 200.79 235.15 OK
r-devel-linux-x86_64-debian-gcc 1.4 26.05 144.99 171.04 OK
r-devel-linux-x86_64-fedora-clang 1.4 295.68 OK
r-devel-linux-x86_64-fedora-gcc 1.4 279.36 OK
r-devel-windows-x86_64-new-UL 1.4 55.00 372.00 427.00 OK
r-devel-windows-x86_64-new-TK 1.4 OK
r-devel-windows-x86_64-old 1.4 47.00 300.00 347.00 OK
r-patched-linux-x86_64 1.4 29.78 194.37 224.15 OK
r-release-linux-x86_64 1.4 30.73 195.31 226.04 OK
r-release-macos-arm64 1.4 NOTE
r-release-macos-x86_64 1.4 OK
r-release-windows-ix86+x86_64 1.4 63.00 383.00 446.00 OK
r-oldrel-macos-x86_64 1.4 OK
r-oldrel-windows-ix86+x86_64 1.4 86.00 383.00 469.00 OK

Check Details

Version: 1.4
Check: installed package size
Result: NOTE
     installed size is 5.2Mb
     sub-directories of 1Mb or more:
     data 1.2Mb
     doc 1.1Mb
     libs 2.5Mb
Flavor: r-release-macos-arm64