CRAN Package Check Results for Package GMDH2

Last updated on 2021-12-03 05:51:59 CET.

Flavor Version Tinstall Tcheck Ttotal Status Flags
r-devel-linux-x86_64-debian-clang 1.6 13.83 109.11 122.94 OK
r-devel-linux-x86_64-debian-gcc 1.6 7.58 81.43 89.01 OK
r-devel-linux-x86_64-fedora-clang 1.6 157.15 NOTE
r-devel-linux-x86_64-fedora-gcc 1.6 143.89 OK
r-devel-windows-x86_64-new-UL 1.6 23.00 147.00 170.00 OK
r-devel-windows-x86_64-new-TK 1.6 OK
r-devel-windows-x86_64-old 1.6 20.00 102.00 122.00 OK
r-patched-linux-x86_64 1.6 12.91 102.09 115.00 OK
r-patched-solaris-x86 1.6 195.10 OK
r-release-linux-x86_64 1.6 11.35 102.21 113.56 OK
r-release-macos-arm64 1.6 OK
r-release-macos-x86_64 1.6 OK
r-release-windows-ix86+x86_64 1.6 29.00 130.00 159.00 OK
r-oldrel-macos-x86_64 1.6 OK
r-oldrel-windows-ix86+x86_64 1.6 30.00 132.00 162.00 OK

Check Details

Version: 1.6
Check: Rd cross-references
Result: NOTE
    Undeclared package ‘caret’ in Rd xrefs
Flavor: r-devel-linux-x86_64-fedora-clang