CRAN Package Check Results for Package GPCSIV

Last updated on 2020-04-08 05:47:20 CEST.

Flavor Version Tinstall Tcheck Ttotal Status Flags
r-devel-linux-x86_64-debian-clang 0.1.0 5.01 47.95 52.96 NOTE
r-devel-linux-x86_64-debian-gcc 0.1.0 4.87 38.35 43.22 NOTE
r-devel-linux-x86_64-fedora-clang 0.1.0 65.96 NOTE
r-devel-linux-x86_64-fedora-gcc 0.1.0 69.33 NOTE
r-devel-windows-ix86+x86_64 0.1.0 12.00 92.00 104.00 NOTE
r-devel-windows-ix86+x86_64-gcc8 0.1.0 12.00 65.00 77.00 NOTE
r-patched-linux-x86_64 0.1.0 6.40 47.28 53.68 NOTE
r-patched-solaris-x86 0.1.0 106.00 NOTE
r-release-linux-x86_64 0.1.0 4.97 43.61 48.58 NOTE
r-release-windows-ix86+x86_64 0.1.0 11.00 86.00 97.00 NOTE
r-release-osx-x86_64 0.1.0 FAIL
r-oldrel-windows-ix86+x86_64 0.1.0 8.00 57.00 65.00 NOTE
r-oldrel-osx-x86_64 0.1.0 NOTE

Check Details

Version: 0.1.0
Check: package namespace information
Result: NOTE
     Namespaces with empty importFrom:
     'scatterplot3d' 'sqldf'
Flavors: r-devel-linux-x86_64-debian-clang, r-devel-linux-x86_64-debian-gcc, r-devel-linux-x86_64-fedora-clang, r-devel-linux-x86_64-fedora-gcc, r-devel-windows-ix86+x86_64, r-devel-windows-ix86+x86_64-gcc8, r-patched-linux-x86_64, r-patched-solaris-x86, r-release-linux-x86_64, r-release-windows-ix86+x86_64, r-release-osx-x86_64, r-oldrel-windows-ix86+x86_64, r-oldrel-osx-x86_64

Version: 0.1.0
Check: R code for possible problems
Result: NOTE
    Resdata : prepdata: no visible global function definition for 'sqldf'
    gpca : Build3d: no visible global function definition for 'dev.new'
    gpca : Build3d: no visible global function definition for
     'scatterplot3d'
    gpca : Build3d: no visible global function definition for 'text'
    gpca : Build3d: no visible global function definition for 'abline'
    gpca : Build3d: no visible global function definition for 'rect'
    gpca: no visible global function definition for 'cor'
    gpca: no visible global function definition for 'dev.new'
    gpca: no visible global function definition for 'text'
    gpca: no visible global function definition for 'abline'
    gpca: no visible global function definition for 'rect'
    gpca: no visible global function definition for 'scatterplot3d'
    gpca: no visible global function definition for 'segments'
    gpca: no visible global function definition for 'points'
    gpca: no visible global function definition for 'write.table'
    Undefined global functions or variables:
     abline cor dev.new points rect scatterplot3d segments sqldf text
     write.table
    Consider adding
     importFrom("grDevices", "dev.new")
     importFrom("graphics", "abline", "points", "rect", "segments", "text")
     importFrom("stats", "cor")
     importFrom("utils", "write.table")
    to your NAMESPACE file.
Flavors: r-devel-linux-x86_64-debian-clang, r-devel-linux-x86_64-debian-gcc, r-devel-linux-x86_64-fedora-clang, r-devel-linux-x86_64-fedora-gcc, r-devel-windows-ix86+x86_64, r-devel-windows-ix86+x86_64-gcc8, r-patched-linux-x86_64, r-patched-solaris-x86

Version: 0.1.0
Check: for non-standard things in the check directory
Result: NOTE
    Found the following files/directories:
     '.txt' '.txt.1' '.txt.2' '.txt.3' 'CorrelInter.txt'
Flavors: r-devel-linux-x86_64-debian-clang, r-devel-linux-x86_64-debian-gcc, r-devel-linux-x86_64-fedora-clang, r-devel-linux-x86_64-fedora-gcc, r-patched-linux-x86_64, r-patched-solaris-x86

Version: 0.1.0
Check: R code for possible problems
Result: NOTE
    Resdata : prepdata: no visible global function definition for ‘sqldf’
    gpca : Build3d: no visible global function definition for ‘dev.new’
    gpca : Build3d: no visible global function definition for
     ‘scatterplot3d’
    gpca : Build3d: no visible global function definition for ‘text’
    gpca : Build3d: no visible global function definition for ‘plot’
    gpca : Build3d: no visible global function definition for ‘abline’
    gpca : Build3d: no visible global function definition for ‘rect’
    gpca: no visible global function definition for ‘cor’
    gpca: no visible global function definition for ‘dev.new’
    gpca: no visible global function definition for ‘plot’
    gpca: no visible global function definition for ‘text’
    gpca: no visible global function definition for ‘abline’
    gpca: no visible global function definition for ‘rect’
    gpca: no visible global function definition for ‘scatterplot3d’
    gpca: no visible global function definition for ‘segments’
    gpca: no visible global function definition for ‘points’
    gpca: no visible global function definition for ‘write.table’
    Undefined global functions or variables:
     abline cor dev.new plot points rect scatterplot3d segments sqldf text
     write.table
    Consider adding
     importFrom("grDevices", "dev.new")
     importFrom("graphics", "abline", "plot", "points", "rect", "segments",
     "text")
     importFrom("stats", "cor")
     importFrom("utils", "write.table")
    to your NAMESPACE file.
Flavors: r-release-linux-x86_64, r-release-windows-ix86+x86_64, r-oldrel-windows-ix86+x86_64, r-oldrel-osx-x86_64

Version: 0.1.0
Check: whether package can be installed
Result: FAIL
Flavor: r-release-osx-x86_64