CRAN Package Check Results for Package GPGame

Last updated on 2020-01-17 05:47:13 CET.

Flavor Version Tinstall Tcheck Ttotal Status Flags
r-devel-linux-x86_64-debian-clang 1.1.0 40.58 77.16 117.74 OK
r-devel-linux-x86_64-debian-gcc 1.1.0 27.34 61.29 88.63 OK
r-devel-linux-x86_64-fedora-clang 1.1.0 149.67 OK
r-devel-linux-x86_64-fedora-gcc 1.1.0 150.98 OK
r-devel-windows-ix86+x86_64 1.1.0 118.00 177.00 295.00 OK
r-devel-windows-ix86+x86_64-gcc8 1.1.0 93.00 128.00 221.00 OK
r-patched-linux-x86_64 1.1.0 29.95 68.45 98.40 OK
r-patched-solaris-x86 1.1.0 172.80 OK
r-release-linux-x86_64 1.1.0 29.52 68.10 97.62 OK
r-release-windows-ix86+x86_64 1.1.0 114.00 135.00 249.00 OK
r-release-osx-x86_64 1.1.0 WARN
r-oldrel-windows-ix86+x86_64 1.1.0 85.00 126.00 211.00 OK
r-oldrel-osx-x86_64 1.1.0 OK

Check Details

Version: 1.1.0
Check: whether package can be installed
Result: WARN
    Found the following significant warnings:
     Warning: 'rgl_init' failed, running with rgl.useNULL = TRUE
Flavor: r-release-osx-x86_64