CRAN Package Check Results for Package GPoM

Last updated on 2021-09-28 05:48:43 CEST.

Flavor Version Tinstall Tcheck Ttotal Status Flags
r-devel-linux-x86_64-debian-clang 1.3 11.07 749.67 760.74 OK
r-devel-linux-x86_64-debian-gcc 1.3 7.75 508.03 515.78 OK
r-devel-linux-x86_64-fedora-clang 1.3 854.62 NOTE
r-devel-linux-x86_64-fedora-gcc 1.3 911.53 OK
r-devel-windows-x86_64 1.3 9.00 118.00 127.00 NOTE --no-vignettes
r-devel-windows-x86_64-gcc10-UCRT 1.3 OK
r-patched-linux-x86_64 1.3 10.43 727.23 737.66 OK
r-patched-solaris-x86 1.3 208.90 NOTE
r-release-linux-x86_64 1.3 8.87 714.49 723.36 OK
r-release-macos-arm64 1.3 NOTE
r-release-macos-x86_64 1.3 NOTE
r-release-windows-ix86+x86_64 1.3 20.00 115.00 135.00 NOTE --no-vignettes
r-oldrel-macos-x86_64 1.3 NOTE
r-oldrel-windows-ix86+x86_64 1.3 14.00 101.00 115.00 NOTE --no-vignettes

Check Details

Version: 1.3
Check: installed package size
Result: NOTE
     installed size is 5.5Mb
     sub-directories of 1Mb or more:
     data 1.6Mb
     doc 3.5Mb
Flavors: r-devel-linux-x86_64-fedora-clang, r-patched-solaris-x86, r-release-macos-arm64, r-release-macos-x86_64, r-oldrel-macos-x86_64

Version: 1.3
Flags: --no-vignettes
Check: installed package size
Result: NOTE
     installed size is 5.5Mb
     sub-directories of 1Mb or more:
     data 1.6Mb
     doc 3.5Mb
Flavors: r-devel-windows-x86_64, r-release-windows-ix86+x86_64, r-oldrel-windows-ix86+x86_64