CRAN Package Check Results for Package GPrank

Last updated on 2020-02-27 05:48:48 CET.

Flavor Version Tinstall Tcheck Ttotal Status Flags
r-devel-linux-x86_64-debian-clang 0.1.4 10.39 124.53 134.92 NOTE
r-devel-linux-x86_64-debian-gcc 0.1.4 8.78 97.33 106.11 NOTE
r-devel-linux-x86_64-fedora-clang 0.1.4 176.05 NOTE
r-devel-linux-x86_64-fedora-gcc 0.1.4 162.41 NOTE
r-devel-windows-ix86+x86_64 0.1.4 22.00 123.00 145.00 OK
r-devel-windows-ix86+x86_64-gcc8 0.1.4 21.00 125.00 146.00 OK
r-patched-linux-x86_64 0.1.4 8.08 100.63 108.71 OK
r-patched-solaris-x86 0.1.4 196.20 OK
r-release-linux-x86_64 0.1.4 8.27 100.66 108.93 OK
r-release-windows-ix86+x86_64 0.1.4 17.00 103.00 120.00 OK
r-release-osx-x86_64 0.1.4 OK
r-oldrel-windows-ix86+x86_64 0.1.4 10.00 103.00 113.00 OK
r-oldrel-osx-x86_64 0.1.4 OK

Check Details

Version: 0.1.4
Check: for non-standard things in the check directory
Result: NOTE
    Found the following files/directories:
     'geneA_GPprofile.pdf' 'geneA_abstr.png' 'geneA_gene.png'
     'geneA_reltr.png' 'geneB_abstr.png' 'geneB_gene.png'
     'geneB_reltr.png' 'geneC_abstr.png' 'geneC_gene.png'
     'geneC_reltr.png' 'testdb.sqlite'
Flavors: r-devel-linux-x86_64-debian-clang, r-devel-linux-x86_64-debian-gcc, r-devel-linux-x86_64-fedora-clang, r-devel-linux-x86_64-fedora-gcc