CRAN Package Check Results for Package GPrank

Last updated on 2021-12-06 05:53:11 CET.

Flavor Version Tinstall Tcheck Ttotal Status Flags
r-devel-linux-x86_64-debian-clang 0.1.4 13.90 154.60 168.50 NOTE
r-devel-linux-x86_64-debian-gcc 0.1.4 11.15 117.32 128.47 NOTE
r-devel-linux-x86_64-fedora-clang 0.1.4 210.63 NOTE
r-devel-linux-x86_64-fedora-gcc 0.1.4 186.30 NOTE
r-devel-windows-x86_64-new-UL 0.1.4 26.00 195.00 221.00 OK
r-devel-windows-x86_64-new-TK 0.1.4 OK
r-devel-windows-x86_64-old 0.1.4 20.00 140.00 160.00 OK
r-patched-linux-x86_64 0.1.4 11.39 140.15 151.54 NOTE
r-release-linux-x86_64 0.1.4 12.11 149.22 161.33 NOTE
r-release-macos-arm64 0.1.4 OK
r-release-macos-x86_64 0.1.4 OK
r-release-windows-ix86+x86_64 0.1.4 34.00 176.00 210.00 OK
r-oldrel-macos-x86_64 0.1.4 OK
r-oldrel-windows-ix86+x86_64 0.1.4 31.00 183.00 214.00 OK

Check Details

Version: 0.1.4
Check: for non-standard things in the check directory
Result: NOTE
    Found the following files/directories:
     'geneA_GPprofile.pdf' 'geneA_abstr.png' 'geneA_gene.png'
     'geneA_reltr.png' 'geneB_abstr.png' 'geneB_gene.png'
     'geneB_reltr.png' 'geneC_abstr.png' 'geneC_gene.png'
     'geneC_reltr.png' 'testdb.sqlite'
Flavors: r-devel-linux-x86_64-debian-clang, r-devel-linux-x86_64-debian-gcc, r-devel-linux-x86_64-fedora-clang, r-devel-linux-x86_64-fedora-gcc, r-patched-linux-x86_64, r-release-linux-x86_64