Last updated on 2021-01-22 05:50:29 CET.
Flavor | Version | Tinstall | Tcheck | Ttotal | Status | Flags |
---|---|---|---|---|---|---|
r-devel-linux-x86_64-debian-clang | 0.1.3 | 147.06 | 72.89 | 219.95 | OK | |
r-devel-linux-x86_64-debian-gcc | 0.1.3 | 92.88 | 45.54 | 138.42 | OK | |
r-devel-linux-x86_64-fedora-clang | 0.1.3 | 312.51 | NOTE | |||
r-devel-linux-x86_64-fedora-gcc | 0.1.3 | 263.19 | OK | |||
r-devel-windows-ix86+x86_64 | 0.1.3 | 316.00 | 116.00 | 432.00 | OK | |
r-patched-linux-x86_64 | 0.1.3 | 104.82 | 58.11 | 162.93 | OK | |
r-patched-solaris-x86 | 0.1.3 | 266.30 | OK | |||
r-release-linux-x86_64 | 0.1.3 | 112.02 | 57.18 | 169.20 | OK | |
r-release-macos-x86_64 | 0.1.3 | NOTE | ||||
r-release-windows-ix86+x86_64 | 0.1.3 | 307.00 | 111.00 | 418.00 | OK | |
r-oldrel-macos-x86_64 | 0.1.3 | NOTE | ||||
r-oldrel-windows-ix86+x86_64 | 0.1.3 | 217.00 | 73.00 | 290.00 | OK |
Version: 0.1.3
Check: installed package size
Result: NOTE
installed size is 6.0Mb
sub-directories of 1Mb or more:
libs 5.6Mb
Flavors: r-devel-linux-x86_64-fedora-clang, r-release-macos-x86_64, r-oldrel-macos-x86_64