Last updated on 2023-02-05 05:52:02 CET.
Flavor | Version | Tinstall | Tcheck | Ttotal | Status | Flags |
---|---|---|---|---|---|---|
r-devel-linux-x86_64-debian-clang | 2.6.20 | 12.39 | 218.29 | 230.68 | NOTE | |
r-devel-linux-x86_64-debian-gcc | 2.6.20 | 7.04 | 158.21 | 165.25 | NOTE | |
r-devel-linux-x86_64-fedora-clang | 2.6.20 | 304.36 | NOTE | |||
r-devel-linux-x86_64-fedora-gcc | 2.6.20 | 305.05 | NOTE | |||
r-devel-windows-x86_64 | 2.6.20 | 55.00 | 208.00 | 263.00 | NOTE | |
r-patched-linux-x86_64 | 2.6.20 | 15.68 | 216.98 | 232.66 | OK | |
r-release-linux-x86_64 | 2.6.20 | 7.67 | 219.73 | 227.40 | OK | |
r-release-macos-arm64 | 2.6.20 | 139.00 | OK | |||
r-release-macos-x86_64 | 2.6.20 | 227.00 | OK | |||
r-release-windows-x86_64 | 2.6.20 | 65.00 | 232.00 | 297.00 | OK | |
r-oldrel-macos-arm64 | 2.6.20 | 165.00 | NOTE | |||
r-oldrel-macos-x86_64 | 2.6.20 | 208.00 | OK | |||
r-oldrel-windows-ix86+x86_64 | 2.6.20 | 25.00 | 259.00 | 284.00 | OK |
Version: 2.6.20
Check: package subdirectories
Result: NOTE
Problems with news in ‘NEWS.md’:
No news entries found.
Flavors: r-devel-linux-x86_64-debian-clang, r-devel-linux-x86_64-debian-gcc, r-devel-linux-x86_64-fedora-clang, r-devel-linux-x86_64-fedora-gcc, r-devel-windows-x86_64
Version: 2.6.20
Check: package dependencies
Result: NOTE
Package suggested but not available for checking: ‘hexSticker’
Flavor: r-oldrel-macos-arm64