CRAN Package Check Results for Package GRTo

Last updated on 2021-12-08 05:58:39 CET.

Flavor Version Tinstall Tcheck Ttotal Status Flags
r-devel-linux-x86_64-debian-clang 1.3 3.67 51.20 54.87 NOTE
r-devel-linux-x86_64-debian-gcc 1.3 3.02 38.56 41.58 NOTE
r-devel-linux-x86_64-fedora-clang 1.3 67.36 NOTE
r-devel-linux-x86_64-fedora-gcc 1.3 55.70 NOTE
r-devel-windows-x86_64-new-UL 1.3 6.00 72.00 78.00 OK
r-devel-windows-x86_64-new-TK 1.3 OK
r-devel-windows-x86_64-old 1.3 6.00 61.00 67.00 OK
r-patched-linux-x86_64 1.3 3.56 49.32 52.88 NOTE
r-release-linux-x86_64 1.3 3.15 48.86 52.01 NOTE
r-release-macos-arm64 1.3 OK
r-release-macos-x86_64 1.3 OK
r-release-windows-ix86+x86_64 1.3 7.00 58.00 65.00 OK
r-oldrel-macos-x86_64 1.3 OK
r-oldrel-windows-ix86+x86_64 1.3 6.00 58.00 64.00 OK

Check Details

Version: 1.3
Check: for non-standard things in the check directory
Result: NOTE
    Found the following files/directories:
     'FMD mag discontinuities_disc.png' 'FMD mag
     discontinuities_disc1.res' 'FMD mag discontinuities_disc2.res'
     'IDYLLWILD_bvmed.png' 'IDYLLWILD_fig.png' 'Schuster's
     diagram_schu.png' 'hour.res'
Flavors: r-devel-linux-x86_64-debian-clang, r-devel-linux-x86_64-debian-gcc, r-devel-linux-x86_64-fedora-clang, r-devel-linux-x86_64-fedora-gcc, r-patched-linux-x86_64, r-release-linux-x86_64