CRAN Package Check Results for Package GSE

Last updated on 2019-10-15 05:47:47 CEST.

Flavor Version Tinstall Tcheck Ttotal Status Flags
r-devel-linux-x86_64-debian-clang 4.2 83.42 56.03 139.45 OK
r-devel-linux-x86_64-debian-gcc 4.2 63.15 44.49 107.64 OK
r-devel-linux-x86_64-fedora-clang 4.2 193.62 NOTE
r-devel-linux-x86_64-fedora-gcc 4.2 182.45 OK
r-devel-windows-ix86+x86_64 4.2 132.00 104.00 236.00 OK
r-patched-linux-x86_64 4.2 67.66 55.34 123.00 OK
r-patched-solaris-x86 4.2 194.50 OK
r-release-linux-x86_64 4.2 68.56 54.64 123.20 OK
r-release-windows-ix86+x86_64 4.2 191.00 107.00 298.00 OK
r-release-osx-x86_64 4.2 OK
r-oldrel-windows-ix86+x86_64 4.2 140.00 100.00 240.00 OK
r-oldrel-osx-x86_64 4.2 OK

Check Details

Version: 4.2
Check: installed package size
Result: NOTE
     installed size is 5.7Mb
     sub-directories of 1Mb or more:
     libs 5.2Mb
Flavor: r-devel-linux-x86_64-fedora-clang