CRAN Package Check Results for Package GSE

Last updated on 2019-07-16 05:48:15 CEST.

Flavor Version Tinstall Tcheck Ttotal Status Flags
r-devel-linux-x86_64-debian-clang 4.2 74.77 59.08 133.85 OK
r-devel-linux-x86_64-debian-gcc 4.2 56.17 46.72 102.89 OK
r-devel-linux-x86_64-fedora-clang 4.2 181.93 NOTE
r-devel-linux-x86_64-fedora-gcc 4.2 174.56 OK
r-devel-windows-ix86+x86_64 4.2 181.00 170.00 351.00 OK
r-patched-linux-x86_64 4.2 67.60 58.06 125.66 OK
r-patched-solaris-x86 4.2 206.40 OK
r-release-linux-x86_64 4.2 66.77 57.89 124.66 OK
r-release-windows-ix86+x86_64 4.2 139.00 145.00 284.00 OK
r-release-osx-x86_64 4.2 OK
r-oldrel-windows-ix86+x86_64 4.2 177.00 138.00 315.00 OK
r-oldrel-osx-x86_64 4.2 OK

Check Details

Version: 4.2
Check: installed package size
Result: NOTE
     installed size is 5.1Mb
     sub-directories of 1Mb or more:
     libs 4.6Mb
Flavor: r-devel-linux-x86_64-fedora-clang