CRAN Package Check Results for Package GSODR

Last updated on 2019-12-12 05:48:12 CET.

Flavor Version Tinstall Tcheck Ttotal Status Flags
r-devel-linux-x86_64-debian-clang 2.0.0 3.43 40.59 44.02 OK
r-devel-linux-x86_64-debian-gcc 2.0.0 2.55 31.55 34.10 OK
r-devel-linux-x86_64-fedora-clang 2.0.0 54.15 OK
r-devel-linux-x86_64-fedora-gcc 2.0.0 51.13 OK
r-devel-windows-ix86+x86_64 2.0.0 8.00 56.00 64.00 ERROR
r-devel-windows-ix86+x86_64-gcc8 2.0.0 8.00 86.00 94.00 OK
r-patched-linux-x86_64 2.0.0 2.39 36.03 38.42 OK
r-patched-solaris-x86 2.0.0 67.20 OK
r-release-linux-x86_64 2.0.0 2.61 35.97 38.58 OK
r-release-windows-ix86+x86_64 2.0.0 7.00 53.00 60.00 OK
r-release-osx-x86_64 2.0.0 OK
r-oldrel-windows-ix86+x86_64 2.0.0 4.00 49.00 53.00 OK
r-oldrel-osx-x86_64 2.0.0 OK

Check Details

Version: 2.0.0
Check: tests
Result: ERROR
     Running 'testthat.R' [8s]
    Running the tests in 'tests/testthat.R' failed.
    Complete output:
     > library(testthat)
     > library(GSODR)
     >
     > test_check("GSODR")
     -- 1. Failure: The 'max_missing' parameter filters out improper stations (@test-
     `get_GSOD(years = 1929, max_missing = 1)` threw an error with unexpected message.
     Expected match: "There were no stations that had a max of."
     Actual message: "attempt to set an attribute on NULL"
     Backtrace:
     1. testthat::expect_error(...)
     6. GSODR::get_GSOD(years = 1929, max_missing = 1)
     7. GSODR:::.validate_missing_days(max_missing, file_list)
    
     == testthat results ===========================================================
     [ OK: 31 | SKIPPED: 9 | WARNINGS: 2 | FAILED: 1 ]
     1. Failure: The 'max_missing' parameter filters out improper stations (@test-get_GSOD.R#128)
    
     Error: testthat unit tests failed
     Execution halted
Flavor: r-devel-windows-ix86+x86_64