CRAN Package Check Results for Package GSODR

Last updated on 2020-07-15 05:48:04 CEST.

Flavor Version Tinstall Tcheck Ttotal Status Flags
r-devel-linux-x86_64-debian-clang 2.1.1 2.54 38.32 40.86 OK
r-devel-linux-x86_64-debian-gcc 2.1.1 2.59 29.05 31.64 OK
r-devel-linux-x86_64-fedora-clang 2.1.1 58.07 OK
r-devel-linux-x86_64-fedora-gcc 2.1.1 51.65 OK
r-devel-windows-ix86+x86_64 2.1.1 11.00 71.00 82.00 OK
r-patched-linux-x86_64 2.1.1 2.71 36.00 38.71 OK
r-patched-solaris-x86 2.1.1 71.30 OK
r-release-linux-x86_64 2.1.1 3.43 36.76 40.19 OK
r-release-macos-x86_64 2.1.1 ERROR
r-release-windows-ix86+x86_64 2.1.1 9.00 70.00 79.00 OK
r-oldrel-macos-x86_64 2.1.1 OK
r-oldrel-windows-ix86+x86_64 2.1.1 9.00 72.00 81.00 OK

Check Details

Version: 2.1.1
Check: whether package can be installed
Result: ERROR
    Installation failed.
Flavor: r-release-macos-x86_64