CRAN Package Check Results for Package GUILDS

Last updated on 2021-10-20 05:50:44 CEST.

Flavor Version Tinstall Tcheck Ttotal Status Flags
r-devel-linux-x86_64-debian-clang 1.3 18.34 129.57 147.91 NOTE
r-devel-linux-x86_64-debian-gcc 1.3 13.30 95.02 108.32 NOTE
r-devel-linux-x86_64-fedora-clang 1.3 200.24 NOTE
r-devel-linux-x86_64-fedora-gcc 1.3 183.44 NOTE
r-devel-windows-x86_64 1.3 27.00 204.00 231.00 NOTE
r-devel-windows-x86_64-gcc10-UCRT 1.3 OK
r-patched-linux-x86_64 1.3 16.17 129.97 146.14 NOTE
r-patched-solaris-x86 1.3 447.40 OK
r-release-linux-x86_64 1.3 16.93 129.61 146.54 NOTE
r-release-macos-arm64 1.3 OK
r-release-macos-x86_64 1.3 OK
r-release-windows-ix86+x86_64 1.3 34.00 209.00 243.00 NOTE
r-oldrel-macos-x86_64 1.3 OK
r-oldrel-windows-ix86+x86_64 1.3 48.00 221.00 269.00 NOTE

Check Details

Version: 1.3
Check: package vignettes
Result: NOTE
    Package vignette with placeholder title 'Vignette Title':
     'GUILDS.Rmd'
Flavors: r-devel-linux-x86_64-debian-clang, r-devel-linux-x86_64-debian-gcc, r-devel-windows-x86_64, r-patched-linux-x86_64, r-release-linux-x86_64, r-release-windows-ix86+x86_64, r-oldrel-windows-ix86+x86_64

Version: 1.3
Check: compiled code
Result: NOTE
    File ‘GUILDS/libs/GUILDS.so’:
     Found no calls to: ‘R_registerRoutines’, ‘R_useDynamicSymbols’
    
    It is good practice to register native routines and to disable symbol
    search.
    
    See ‘Writing portable packages’ in the ‘Writing R Extensions’ manual.
Flavors: r-devel-linux-x86_64-fedora-clang, r-devel-linux-x86_64-fedora-gcc