CRAN Package Check Results for Package GUIgems

Last updated on 2019-08-22 05:47:01 CEST.

Flavor Version Tinstall Tcheck Ttotal Status Flags
r-devel-linux-x86_64-debian-clang 0.1 13.79 69.26 83.05 OK
r-devel-linux-x86_64-debian-gcc 0.1 12.59 54.71 67.30 OK
r-devel-linux-x86_64-fedora-clang 0.1 101.45 NOTE
r-devel-linux-x86_64-fedora-gcc 0.1 100.65 NOTE
r-devel-windows-ix86+x86_64 0.1 29.00 106.00 135.00 OK
r-patched-linux-x86_64 0.1 15.81 68.19 84.00 OK
r-patched-solaris-x86 0.1 146.60 NOTE
r-release-linux-x86_64 0.1 14.86 69.22 84.08 OK
r-release-windows-ix86+x86_64 0.1 27.00 102.00 129.00 OK
r-release-osx-x86_64 0.1 ERROR
r-oldrel-windows-ix86+x86_64 0.1 18.00 102.00 120.00 OK
r-oldrel-osx-x86_64 0.1 ERROR

Check Details

Version: 0.1
Check: dependencies in R code
Result: NOTE
    Namespace in Imports field not imported from: ‘stringr’
     All declared Imports should be used.
Flavors: r-devel-linux-x86_64-fedora-clang, r-devel-linux-x86_64-fedora-gcc, r-patched-solaris-x86

Version: 0.1
Check: package dependencies
Result: ERROR
    Package required but not available: ‘rpanel’
    
    See section ‘The DESCRIPTION file’ in the ‘Writing R Extensions’
    manual.
Flavors: r-release-osx-x86_64, r-oldrel-osx-x86_64