CRAN Package Check Results for Package GenAlgo

Last updated on 2019-08-23 05:46:55 CEST.

Flavor Version Tinstall Tcheck Ttotal Status Flags
r-devel-linux-x86_64-debian-clang 2.1.5 2.89 36.93 39.82 OK
r-devel-linux-x86_64-debian-gcc 2.1.5 2.22 28.72 30.94 OK
r-devel-linux-x86_64-fedora-clang 2.1.5 49.52 NOTE
r-devel-linux-x86_64-fedora-gcc 2.1.5 46.70 NOTE
r-devel-windows-ix86+x86_64 2.1.5 10.00 79.00 89.00 OK
r-patched-linux-x86_64 2.1.5 2.44 35.62 38.06 OK
r-patched-solaris-x86 2.1.5 70.90 NOTE
r-release-linux-x86_64 2.1.5 2.48 35.85 38.33 OK
r-release-windows-ix86+x86_64 2.1.5 8.00 73.00 81.00 OK
r-release-osx-x86_64 2.1.5 ERROR
r-oldrel-windows-ix86+x86_64 2.1.5 4.00 71.00 75.00 OK
r-oldrel-osx-x86_64 2.1.5 NOTE

Check Details

Version: 2.1.5
Check: data for non-ASCII characters
Result: NOTE
     Note: found 17 marked UTF-8 strings
Flavors: r-devel-linux-x86_64-fedora-clang, r-devel-linux-x86_64-fedora-gcc, r-patched-solaris-x86, r-oldrel-osx-x86_64

Version: 2.1.5
Check: package dependencies
Result: ERROR
    Package required but not available: ‘ClassDiscovery’
    
    Package suggested but not available for checking: ‘Biobase’
    
    See section ‘The DESCRIPTION file’ in the ‘Writing R Extensions’
    manual.
Flavor: r-release-osx-x86_64