CRAN Package Check Results for Package GenAlgo

Last updated on 2020-01-20 05:47:14 CET.

Flavor Version Tinstall Tcheck Ttotal Status Flags
r-devel-linux-x86_64-debian-clang 2.1.5 3.03 38.60 41.63 OK
r-devel-linux-x86_64-debian-gcc 2.1.5 2.49 30.47 32.96 OK
r-devel-linux-x86_64-fedora-clang 2.1.5 51.49 NOTE
r-devel-linux-x86_64-fedora-gcc 2.1.5 53.15 NOTE
r-devel-windows-ix86+x86_64 2.1.5 13.00 79.00 92.00 OK
r-devel-windows-ix86+x86_64-gcc8 2.1.5 7.00 59.00 66.00 OK
r-patched-linux-x86_64 2.1.5 2.32 35.14 37.46 OK
r-patched-solaris-x86 2.1.5 66.50 NOTE
r-release-linux-x86_64 2.1.5 2.38 35.15 37.53 OK
r-release-windows-ix86+x86_64 2.1.5 9.00 58.00 67.00 OK
r-release-osx-x86_64 2.1.5 NOTE
r-oldrel-windows-ix86+x86_64 2.1.5 3.00 47.00 50.00 OK
r-oldrel-osx-x86_64 2.1.5 NOTE

Check Details

Version: 2.1.5
Check: data for non-ASCII characters
Result: NOTE
     Note: found 17 marked UTF-8 strings
Flavors: r-devel-linux-x86_64-fedora-clang, r-devel-linux-x86_64-fedora-gcc, r-patched-solaris-x86, r-release-osx-x86_64, r-oldrel-osx-x86_64