Last updated on 2023-02-02 06:03:29 CET.
Flavor | Version | Tinstall | Tcheck | Ttotal | Status | Flags |
---|---|---|---|---|---|---|
r-devel-linux-x86_64-debian-clang | 2.1.7 | 108.57 | 341.94 | 450.51 | NOTE | |
r-devel-linux-x86_64-debian-gcc | 2.1.7 | 85.34 | 252.96 | 338.30 | NOTE | |
r-devel-linux-x86_64-fedora-clang | 2.1.7 | 587.42 | NOTE | |||
r-devel-linux-x86_64-fedora-gcc | 2.1.7 | 625.95 | NOTE | |||
r-devel-windows-x86_64 | 2.1.7 | 175.00 | 452.00 | 627.00 | NOTE | |
r-patched-linux-x86_64 | 2.1.7 | 85.73 | 333.94 | 419.67 | OK | |
r-release-linux-x86_64 | 2.1.7 | 73.18 | 315.22 | 388.40 | OK | |
r-release-macos-arm64 | 2.1.7 | 124.00 | NOTE | |||
r-release-macos-x86_64 | 2.1.7 | 299.00 | NOTE | |||
r-release-windows-x86_64 | 2.1.7 | 137.00 | 408.00 | 545.00 | OK | |
r-oldrel-macos-arm64 | 2.1.7 | 147.00 | NOTE | |||
r-oldrel-macos-x86_64 | 2.1.7 | 195.00 | NOTE | |||
r-oldrel-windows-ix86+x86_64 | 2.1.7 | 266.00 | 532.00 | 798.00 | NOTE |
Version: 2.1.7
Check: C++ specification
Result: NOTE
Specified C++14: please update to current default of C++17
Flavors: r-devel-linux-x86_64-debian-clang, r-devel-linux-x86_64-debian-gcc, r-devel-linux-x86_64-fedora-clang, r-devel-linux-x86_64-fedora-gcc, r-devel-windows-x86_64
Version: 2.1.7
Check: dependencies in R code
Result: NOTE
Namespace in Imports field not imported from: ‘methods’
All declared Imports should be used.
Flavors: r-devel-linux-x86_64-fedora-clang, r-devel-linux-x86_64-fedora-gcc, r-release-macos-arm64, r-release-macos-x86_64, r-oldrel-macos-arm64, r-oldrel-macos-x86_64
Version: 2.1.7
Check: installed package size
Result: NOTE
installed size is 6.8Mb
sub-directories of 1Mb or more:
doc 2.0Mb
libs 4.3Mb
Flavors: r-release-macos-arm64, r-release-macos-x86_64, r-oldrel-macos-arm64, r-oldrel-macos-x86_64, r-oldrel-windows-ix86+x86_64