CRAN Package Check Results for Package GenomeAdmixR

Last updated on 2024-02-25 06:08:29 CET.

Flavor Version Tinstall Tcheck Ttotal Status Flags
r-devel-linux-x86_64-debian-clang 2.1.7 124.84 321.59 446.43 NOTE
r-devel-linux-x86_64-debian-gcc 2.1.7 90.22 258.92 349.14 NOTE
r-devel-linux-x86_64-fedora-clang 2.1.7 587.25 NOTE
r-devel-linux-x86_64-fedora-gcc 2.1.7 615.23 NOTE
r-devel-windows-x86_64 2.1.7 91.00 281.00 372.00 NOTE
r-patched-linux-x86_64 2.1.7 91.57 321.46 413.03 NOTE
r-release-linux-x86_64 2.1.7 81.10 337.89 418.99 NOTE
r-release-macos-arm64 2.1.7 159.00 NOTE
r-release-macos-x86_64 2.1.7 283.00 NOTE
r-release-windows-x86_64 2.1.7 118.00 342.00 460.00 NOTE
r-oldrel-macos-arm64 2.1.7 124.00 NOTE
r-oldrel-windows-x86_64 2.1.7 112.00 362.00 474.00 OK

Check Details

Version: 2.1.7
Check: C++ specification
Result: NOTE Specified C++14: please drop specification unless essential Flavors: r-devel-linux-x86_64-debian-clang, r-devel-linux-x86_64-debian-gcc, r-devel-linux-x86_64-fedora-clang, r-devel-linux-x86_64-fedora-gcc, r-devel-windows-x86_64, r-patched-linux-x86_64, r-release-linux-x86_64, r-release-macos-arm64, r-release-macos-x86_64, r-release-windows-x86_64

Version: 2.1.7
Check: Rd files
Result: NOTE checkRd: (-1) simulate_admixture.Rd:36: Lost braces 36 | \code{location}{ location of the marker under selection (in Morgan) } | ^ checkRd: (-1) simulate_ancestry.Rd:49: Lost braces 49 | \code{location}{ location of the marker under selection (in Morgan) } | ^ checkRd: (-1) simulate_ancestry_migration.Rd:59: Lost braces 59 | \code{location}{ location of the marker under selection (in Morgan) } | ^ checkRd: (-1) simulate_sequence.Rd:51: Lost braces 51 | \code{location}{ location of the marker under selection (in Morgan) } | ^ checkRd: (-1) simulate_sequence_migration.Rd:58: Lost braces 58 | \code{location}{ location of the marker under selection (in Morgan) } | ^ Flavors: r-devel-linux-x86_64-debian-clang, r-devel-linux-x86_64-debian-gcc, r-devel-linux-x86_64-fedora-clang, r-devel-linux-x86_64-fedora-gcc

Version: 2.1.7
Check: dependencies in R code
Result: NOTE Namespace in Imports field not imported from: ‘methods’ All declared Imports should be used. Flavors: r-devel-linux-x86_64-fedora-clang, r-devel-linux-x86_64-fedora-gcc, r-oldrel-macos-arm64

Version: 2.1.7
Check: installed package size
Result: NOTE installed size is 6.8Mb sub-directories of 1Mb or more: doc 2.0Mb libs 4.2Mb Flavors: r-release-macos-arm64, r-release-macos-x86_64, r-oldrel-macos-arm64