Last updated on 2021-01-16 05:47:05 CET.
Flavor | Version | Tinstall | Tcheck | Ttotal | Status | Flags |
---|---|---|---|---|---|---|
r-devel-linux-x86_64-debian-clang | 2.0 | 43.21 | 72.82 | 116.03 | OK | |
r-devel-linux-x86_64-debian-gcc | 2.0 | 27.18 | 56.40 | 83.58 | OK | |
r-devel-linux-x86_64-fedora-clang | 2.0 | 161.37 | NOTE | |||
r-devel-linux-x86_64-fedora-gcc | 2.0 | 134.88 | NOTE | |||
r-devel-windows-ix86+x86_64 | 2.0 | 69.00 | 100.00 | 169.00 | OK | |
r-patched-linux-x86_64 | 2.0 | 35.53 | 67.12 | 102.65 | OK | |
r-patched-solaris-x86 | 2.0 | 172.80 | NOTE | |||
r-release-linux-x86_64 | 2.0 | 33.61 | 68.16 | 101.77 | OK | |
r-release-macos-x86_64 | 2.0 | NOTE | ||||
r-release-windows-ix86+x86_64 | 2.0 | 77.00 | 107.00 | 184.00 | OK | |
r-oldrel-macos-x86_64 | 2.0 | NOTE | ||||
r-oldrel-windows-ix86+x86_64 | 2.0 | 86.00 | 124.00 | 210.00 | OK |
Version: 2.0
Check: dependencies in R code
Result: NOTE
Namespace in Imports field not imported from: ‘dplyr’
All declared Imports should be used.
Flavors: r-devel-linux-x86_64-fedora-clang, r-devel-linux-x86_64-fedora-gcc, r-patched-solaris-x86, r-release-macos-x86_64, r-oldrel-macos-x86_64