CRAN Package Check Results for Package GenomicTools.fileHandler

Last updated on 2021-06-14 05:50:32 CEST.

Flavor Version Tinstall Tcheck Ttotal Status Flags
r-devel-linux-x86_64-debian-clang 0.1.5.9 10.36 96.73 107.09 OK
r-devel-linux-x86_64-debian-gcc 0.1.5.9 9.12 72.29 81.41 OK
r-devel-linux-x86_64-fedora-clang 0.1.5.9 141.49 OK
r-devel-linux-x86_64-fedora-gcc 0.1.5.9 125.54 OK
r-devel-windows-x86_64 0.1.5.9 18.00 128.00 146.00 OK
r-devel-windows-x86_64-gcc10-UCRT 0.1.5.9 OK
r-patched-linux-x86_64 0.1.5.9 11.79 92.77 104.56 OK
r-patched-solaris-x86 0.1.5.9 183.00 OK
r-release-linux-x86_64 0.1.5.9 10.07 92.32 102.39 OK
r-release-macos-arm64 0.1.5.9 ERROR
r-release-macos-x86_64 0.1.5.9 OK
r-release-windows-ix86+x86_64 0.1.5.9 18.00 127.00 145.00 OK
r-oldrel-macos-x86_64 0.1.5.9 OK
r-oldrel-windows-ix86+x86_64 0.1.5.9 19.00 125.00 144.00 OK

Check Details

Version: 0.1.5.9
Check: package dependencies
Result: ERROR
    Package required but not available: ‘snpStats’
    
    See section ‘The DESCRIPTION file’ in the ‘Writing R Extensions’
    manual.
Flavor: r-release-macos-arm64