CRAN Package Check Results for Package GeoFIS

Last updated on 2021-12-03 05:51:58 CET.

Flavor Version Tinstall Tcheck Ttotal Status Flags
r-devel-linux-x86_64-debian-clang 1.0.1 481.00 147.56 628.56 NOTE
r-devel-linux-x86_64-debian-gcc 1.0.2 436.68 125.89 562.57 NOTE
r-devel-linux-x86_64-fedora-clang 1.0.2 991.37 NOTE
r-devel-linux-x86_64-fedora-gcc 1.0.2 1022.90 NOTE
r-devel-windows-x86_64-new-UL 1.0.2 340.00 260.00 600.00 NOTE
r-devel-windows-x86_64-new-TK 1.0.1 NOTE
r-devel-windows-x86_64-old 1.0.1 609.00 151.00 760.00 NOTE
r-patched-linux-x86_64 1.0.2 513.14 138.35 651.49 NOTE
r-patched-solaris-x86 1.0.2 812.20 NOTE
r-release-linux-x86_64 1.0.2 504.91 136.24 641.15 NOTE
r-release-macos-arm64 1.0.1 NOTE
r-release-macos-x86_64 1.0.2 NOTE
r-release-windows-ix86+x86_64 1.0.1 1206.00 278.00 1484.00 NOTE
r-oldrel-macos-x86_64 1.0.2 NOTE
r-oldrel-windows-ix86+x86_64 1.0.1 1202.00 277.00 1479.00 NOTE

Check Details

Version: 1.0.1
Check: for GNU extensions in Makefiles
Result: NOTE
    GNU make is a SystemRequirements.
Flavors: r-devel-linux-x86_64-debian-clang, r-devel-windows-x86_64-new-TK, r-devel-windows-x86_64-old, r-release-macos-arm64, r-release-windows-ix86+x86_64, r-oldrel-windows-ix86+x86_64

Version: 1.0.2
Check: for GNU extensions in Makefiles
Result: NOTE
    GNU make is a SystemRequirements.
Flavors: r-devel-linux-x86_64-debian-gcc, r-devel-linux-x86_64-fedora-clang, r-devel-linux-x86_64-fedora-gcc, r-devel-windows-x86_64-new-UL, r-patched-linux-x86_64, r-patched-solaris-x86, r-release-linux-x86_64, r-release-macos-x86_64, r-oldrel-macos-x86_64

Version: 1.0.2
Check: installed package size
Result: NOTE
     installed size is 82.0Mb
     sub-directories of 1Mb or more:
     libs 80.6Mb
Flavors: r-devel-linux-x86_64-fedora-clang, r-devel-windows-x86_64-new-UL, r-patched-solaris-x86, r-release-macos-x86_64, r-oldrel-macos-x86_64

Version: 1.0.1
Check: installed package size
Result: NOTE
     installed size is 5.4Mb
     sub-directories of 1Mb or more:
     libs 4.1Mb
Flavors: r-devel-windows-x86_64-old, r-release-macos-arm64, r-release-windows-ix86+x86_64, r-oldrel-windows-ix86+x86_64