CRAN Package Check Results for Package GetBCBData

Last updated on 2024-06-13 06:58:03 CEST.

Flavor Version Tinstall Tcheck Ttotal Status Flags
r-devel-linux-x86_64-debian-clang 0.7.0 2.27 32.36 34.63 OK
r-devel-linux-x86_64-debian-gcc 0.7.0 0.33 1.83 2.16 ERROR
r-devel-linux-x86_64-fedora-clang 0.7.0 42.52 OK
r-devel-linux-x86_64-fedora-gcc 0.7.0 52.38 OK
r-devel-windows-x86_64 0.7.0 3.00 48.00 51.00 OK
r-patched-linux-x86_64 0.7.0 2.17 30.17 32.34 OK
r-release-linux-x86_64 0.7.0 1.73 29.79 31.52 OK
r-release-macos-arm64 0.7.0 33.00 OK
r-release-macos-x86_64 0.7.0 45.00 OK
r-release-windows-x86_64 0.7.0 4.00 49.00 53.00 OK
r-oldrel-macos-arm64 0.7.0 27.00 OK
r-oldrel-macos-x86_64 0.7.0 39.00 OK
r-oldrel-windows-x86_64 0.7.0 4.00 53.00 57.00 OK

Check Details

Version: 0.7.0
Check: package dependencies
Result: ERROR Packages required but not available: 'stringr', 'dplyr', 'furrr', 'purrr' Packages suggested but not available for checking: 'testthat', 'ggplot2' See section ‘The DESCRIPTION file’ in the ‘Writing R Extensions’ manual. Flavor: r-devel-linux-x86_64-debian-gcc