Last updated on 2021-01-15 05:48:50 CET.
Flavor | Version | Tinstall | Tcheck | Ttotal | Status | Flags |
---|---|---|---|---|---|---|
r-devel-linux-x86_64-debian-clang | 1.0.1 | 82.45 | 67.35 | 149.80 | OK | |
r-devel-linux-x86_64-debian-gcc | 1.0.1 | 61.57 | 51.31 | 112.88 | OK | |
r-devel-linux-x86_64-fedora-clang | 1.0.1 | 223.79 | NOTE | |||
r-devel-linux-x86_64-fedora-gcc | 1.0.1 | 209.05 | NOTE | |||
r-devel-windows-ix86+x86_64 | 1.0.1 | 204.00 | 139.00 | 343.00 | OK | |
r-patched-linux-x86_64 | 1.0.1 | 72.93 | 63.40 | 136.33 | OK | |
r-patched-solaris-x86 | 1.0.1 | 215.40 | OK | |||
r-release-linux-x86_64 | 1.0.1 | 73.73 | 64.05 | 137.78 | OK | |
r-release-macos-x86_64 | 1.0.1 | NOTE | ||||
r-release-windows-ix86+x86_64 | 1.0.1 | 211.00 | 108.00 | 319.00 | OK | |
r-oldrel-macos-x86_64 | 1.0.1 | NOTE | ||||
r-oldrel-windows-ix86+x86_64 | 1.0.1 | 142.00 | 96.00 | 238.00 | OK |
Version: 1.0.1
Check: installed package size
Result: NOTE
installed size is 6.2Mb
sub-directories of 1Mb or more:
libs 5.7Mb
Flavors: r-devel-linux-x86_64-fedora-clang, r-release-macos-x86_64, r-oldrel-macos-x86_64
Version: 1.0.1
Check: compiled code
Result: NOTE
File ‘GiRaF/libs/GiRaF.so’:
Found no calls to: ‘R_registerRoutines’, ‘R_useDynamicSymbols’
It is good practice to register native routines and to disable symbol
search.
See ‘Writing portable packages’ in the ‘Writing R Extensions’ manual.
Flavors: r-devel-linux-x86_64-fedora-clang, r-devel-linux-x86_64-fedora-gcc