CRAN Package Check Results for Package GpGp

Last updated on 2021-01-16 05:47:05 CET.

Flavor Version Tinstall Tcheck Ttotal Status Flags
r-devel-linux-x86_64-debian-clang 0.3.1 70.92 69.06 139.98 OK
r-devel-linux-x86_64-debian-gcc 0.3.1 51.16 47.60 98.76 OK
r-devel-linux-x86_64-fedora-clang 0.3.1 201.83 NOTE
r-devel-linux-x86_64-fedora-gcc 0.3.1 181.54 OK
r-devel-windows-ix86+x86_64 0.3.1 113.00 112.00 225.00 OK
r-patched-linux-x86_64 0.3.1 60.86 61.10 121.96 OK
r-patched-solaris-x86 0.3.1 194.90 ERROR
r-release-linux-x86_64 0.3.1 62.86 60.88 123.74 OK
r-release-macos-x86_64 0.3.1 NOTE
r-release-windows-ix86+x86_64 0.3.1 160.00 121.00 281.00 OK
r-oldrel-macos-x86_64 0.3.1 NOTE
r-oldrel-windows-ix86+x86_64 0.3.1 143.00 134.00 277.00 OK

Check Details

Version: 0.3.1
Check: installed package size
Result: NOTE
     installed size is 8.2Mb
     sub-directories of 1Mb or more:
     data 1.4Mb
     libs 6.4Mb
Flavors: r-devel-linux-x86_64-fedora-clang, r-release-macos-x86_64, r-oldrel-macos-x86_64

Version: 0.3.1
Check: tests
Result: ERROR
     Running ‘testthat.R’ [19s/22s]
    Running the tests in ‘tests/testthat.R’ failed.
    Complete output:
     > library(testthat)
     > library(GpGp)
     >
     > test_check("GpGp")
    
     warning: solve(): system seems singular; attempting approx solution
    
     warning: solve(): system seems singular; attempting approx solution
    
     warning: solve(): system seems singular; attempting approx solution
    
     warning: solve(): system seems singular; attempting approx solution
    
     warning: solve(): system seems singular; attempting approx solution
    
     warning: solve(): system seems singular; attempting approx solution
     ══ Failed tests ════════════════════════════════════════════════════════════════
     ── Failure (test_loglik.R:33:5): likelihood approximations are exact when m = n-1 ──
     llobj$loglik not equal to `ll_exact`.
     1/1 mismatches
     [1] 144 - 25.9 == 118
     ── Failure (test_loglik.R:39:5): likelihood approximations are exact when m = n-1 ──
     llobj$loglik not equal to `ll_exact`.
     1/1 mismatches
     [1] 144 - 25.9 == 118
    
     [ FAIL 2 | WARN 0 | SKIP 0 | PASS 109 ]
     Error: Test failures
     Execution halted
Flavor: r-patched-solaris-x86