CRAN Package Check Results for Package GraphPCA

Last updated on 2022-01-18 05:50:15 CET.

Flavor Version Tinstall Tcheck Ttotal Status Flags
r-devel-linux-x86_64-debian-clang 1.1 6.44 73.94 80.38 OK
r-devel-linux-x86_64-debian-gcc 1.1 5.07 54.92 59.99 OK
r-devel-linux-x86_64-fedora-clang 1.1 95.69 OK
r-devel-linux-x86_64-fedora-gcc 1.1 82.61 OK
r-devel-windows-x86_64-new-UL 1.1 29.00 91.00 120.00 OK
r-devel-windows-x86_64-new-TK 1.1 ERROR
r-patched-linux-x86_64 1.1 7.44 67.98 75.42 OK
r-release-linux-x86_64 1.1 OK
r-release-macos-arm64 1.1 OK
r-release-macos-x86_64 1.1 OK
r-release-windows-ix86+x86_64 1.1 18.00 86.00 104.00 OK
r-oldrel-macos-x86_64 1.1 OK
r-oldrel-windows-ix86+x86_64 1.1 18.00 85.00 103.00 OK

Check Details

Version: 1.1
Check: package dependencies
Result: ERROR
    Package required but not available: 'FactoMineR'
    
    See section 'The DESCRIPTION file' in the 'Writing R Extensions'
    manual.
Flavor: r-devel-windows-x86_64-new-TK