CRAN Package Check Results for Package GuessCompx

Last updated on 2019-12-15 05:47:40 CET.

Flavor Version Tinstall Tcheck Ttotal Status Flags
r-devel-linux-x86_64-debian-clang 1.0.3 5.65 95.21 100.86 NOTE
r-devel-linux-x86_64-debian-gcc 1.0.3 5.12 84.40 89.52 NOTE
r-devel-linux-x86_64-fedora-clang 1.0.3 120.68 OK
r-devel-linux-x86_64-fedora-gcc 1.0.3 124.37 OK
r-devel-windows-ix86+x86_64 1.0.3 12.00 120.00 132.00 NOTE
r-devel-windows-ix86+x86_64-gcc8 1.0.3 16.00 152.00 168.00 NOTE
r-patched-linux-x86_64 1.0.3 4.76 94.47 99.23 OK
r-patched-solaris-x86 1.0.3 177.80 OK
r-release-linux-x86_64 1.0.3 4.36 94.41 98.77 OK
r-release-windows-ix86+x86_64 1.0.3 11.00 115.00 126.00 OK
r-release-osx-x86_64 1.0.3 OK
r-oldrel-windows-ix86+x86_64 1.0.3 7.00 120.00 127.00 OK
r-oldrel-osx-x86_64 1.0.3 OK

Check Details

Version: 1.0.3
Check: package vignettes
Result: NOTE
    Package vignette with placeholder title 'Vignette Title':
     'GuessCompx.Rmd'
Flavors: r-devel-linux-x86_64-debian-clang, r-devel-linux-x86_64-debian-gcc, r-devel-windows-ix86+x86_64, r-devel-windows-ix86+x86_64-gcc8