CRAN Package Check Results for Package GuessCompx

Last updated on 2019-08-19 05:46:25 CEST.

Flavor Version Tinstall Tcheck Ttotal Status Flags
r-devel-linux-x86_64-debian-clang 1.0.3 5.29 90.89 96.18 NOTE
r-devel-linux-x86_64-debian-gcc 1.0.3 4.59 80.98 85.57 NOTE
r-devel-linux-x86_64-fedora-clang 1.0.3 114.54 OK
r-devel-linux-x86_64-fedora-gcc 1.0.3 118.05 OK
r-devel-windows-ix86+x86_64 1.0.3 18.00 149.00 167.00 NOTE
r-patched-linux-x86_64 1.0.3 4.41 94.85 99.26 OK
r-patched-solaris-x86 1.0.3 170.90 OK
r-release-linux-x86_64 1.0.3 5.21 95.28 100.49 OK
r-release-windows-ix86+x86_64 1.0.3 11.00 106.00 117.00 OK
r-release-osx-x86_64 1.0.3 OK
r-oldrel-windows-ix86+x86_64 1.0.3 12.00 143.00 155.00 OK
r-oldrel-osx-x86_64 1.0.3 OK

Check Details

Version: 1.0.3
Check: package vignettes
Result: NOTE
    Package vignette with placeholder title 'Vignette Title':
     'GuessCompx.Rmd'
Flavors: r-devel-linux-x86_64-debian-clang, r-devel-linux-x86_64-debian-gcc, r-devel-windows-ix86+x86_64