CRAN Package Check Results for Package HARtools

Last updated on 2022-01-17 05:51:10 CET.

Flavor Version Tinstall Tcheck Ttotal Status Flags
r-devel-linux-x86_64-debian-clang 0.0.5 3.02 39.18 42.20 NOTE
r-devel-linux-x86_64-debian-gcc 0.0.5 2.26 34.45 36.71 NOTE
r-devel-linux-x86_64-fedora-clang 0.0.5 51.56 NOTE
r-devel-linux-x86_64-fedora-gcc 0.0.5 40.75 NOTE
r-devel-windows-x86_64-new-UL 0.0.5 48.00 59.00 107.00 NOTE
r-devel-windows-x86_64-new-TK 0.0.5 NOTE
r-patched-linux-x86_64 0.0.5 2.64 37.67 40.31 NOTE
r-release-linux-x86_64 0.0.5 NOTE
r-release-macos-arm64 0.0.5 NOTE
r-release-macos-x86_64 0.0.5 WARN
r-release-windows-ix86+x86_64 0.0.5 7.00 49.00 56.00 NOTE
r-oldrel-macos-x86_64 0.0.5 WARN
r-oldrel-windows-ix86+x86_64 0.0.5 6.00 53.00 59.00 OK

Check Details

Version: 0.0.5
Check: LazyData
Result: NOTE
     'LazyData' is specified without a 'data' directory
Flavors: r-devel-linux-x86_64-debian-clang, r-devel-linux-x86_64-debian-gcc, r-devel-linux-x86_64-fedora-clang, r-devel-linux-x86_64-fedora-gcc, r-devel-windows-x86_64-new-UL, r-devel-windows-x86_64-new-TK, r-patched-linux-x86_64, r-release-linux-x86_64, r-release-macos-arm64, r-release-macos-x86_64, r-release-windows-ix86+x86_64

Version: 0.0.5
Check: re-building of vignette outputs
Result: WARN
    Error(s) in re-building vignettes:
     ...
    --- re-building ‘Basic_use.Rmd’ using rmarkdown
    Warning in engine$weave(file, quiet = quiet, encoding = enc) :
     Pandoc (>= 1.12.3) not available. Falling back to R Markdown v1.
    Quitting from lines 122-128 (Basic_use.Rmd)
    Error: processing vignette 'Basic_use.Rmd' failed with diagnostics:
    invalid 'path' argument
    --- failed re-building ‘Basic_use.Rmd’
    
    SUMMARY: processing the following file failed:
     ‘Basic_use.Rmd’
    
    Error: Vignette re-building failed.
    Execution halted
Flavor: r-release-macos-x86_64

Version: 0.0.5
Check: re-building of vignette outputs
Result: WARN
    Error(s) in re-building vignettes:
     ...
    --- re-building ‘Basic_use.Rmd’ using rmarkdown
    Warning in engine$weave(file, quiet = quiet, encoding = enc) :
     Pandoc (>= 1.12.3) and/or pandoc-citeproc not available. Falling back to R Markdown v1.
    Quitting from lines 122-128 (Basic_use.Rmd)
    Error: processing vignette 'Basic_use.Rmd' failed with diagnostics:
    cannot open the connection
    --- failed re-building ‘Basic_use.Rmd’
    
    SUMMARY: processing the following file failed:
     ‘Basic_use.Rmd’
    
    Error: Vignette re-building failed.
    Execution halted
Flavor: r-oldrel-macos-x86_64