CRAN Package Check Results for Package HBV.IANIGLA

Last updated on 2022-01-21 05:52:11 CET.

Flavor Version Tinstall Tcheck Ttotal Status Flags
r-devel-linux-x86_64-debian-clang 0.2.1 OK
r-devel-linux-x86_64-debian-gcc 0.2.1 97.13 48.44 145.57 OK
r-devel-linux-x86_64-fedora-clang 0.2.1 344.10 NOTE
r-devel-linux-x86_64-fedora-gcc 0.2.1 274.70 NOTE
r-devel-windows-x86_64-new-UL 0.2.1 196.00 134.00 330.00 OK
r-devel-windows-x86_64-new-TK 0.2.1 NOTE
r-patched-linux-x86_64 0.2.1 130.71 62.57 193.28 OK
r-release-linux-x86_64 0.2.1 129.20 62.07 191.27 OK
r-release-macos-arm64 0.2.1 NOTE
r-release-macos-x86_64 0.2.1 NOTE
r-release-windows-ix86+x86_64 0.2.1 361.00 116.00 477.00 OK
r-oldrel-macos-x86_64 0.2.1 NOTE
r-oldrel-windows-ix86+x86_64 0.2.1 360.00 118.00 478.00 OK

Check Details

Version: 0.2.1
Check: installed package size
Result: NOTE
     installed size is 5.6Mb
     sub-directories of 1Mb or more:
     libs 3.9Mb
Flavors: r-devel-linux-x86_64-fedora-clang, r-release-macos-arm64

Version: 0.2.1
Check: data for non-ASCII characters
Result: NOTE
     Note: found 3 marked UTF-8 strings
Flavors: r-devel-linux-x86_64-fedora-clang, r-devel-linux-x86_64-fedora-gcc, r-devel-windows-x86_64-new-TK, r-release-macos-arm64, r-release-macos-x86_64, r-oldrel-macos-x86_64