CRAN Package Check Results for Package HCT

Last updated on 2024-02-25 06:08:30 CET.

Flavor Version Tinstall Tcheck Ttotal Status Flags
r-devel-linux-x86_64-debian-clang 0.1.3 37.14 138.09 175.23 OK
r-devel-linux-x86_64-debian-gcc 0.1.3 29.03 104.16 133.19 OK
r-devel-linux-x86_64-fedora-clang 0.1.3 222.06 NOTE
r-devel-linux-x86_64-fedora-gcc 0.1.3 208.02 OK
r-devel-windows-x86_64 0.1.3 24.00 101.00 125.00 NOTE
r-patched-linux-x86_64 0.1.3 33.26 132.94 166.20 OK
r-release-linux-x86_64 0.1.3 25.84 133.76 159.60 OK
r-release-macos-arm64 0.1.3 44.00 NOTE
r-release-macos-x86_64 0.1.3 68.00 NOTE
r-release-windows-x86_64 0.1.3 30.00 120.00 150.00 NOTE
r-oldrel-macos-arm64 0.1.3 51.00 NOTE
r-oldrel-windows-x86_64 0.1.3 32.00 129.00 161.00 NOTE

Check Details

Version: 0.1.3
Check: installed package size
Result: NOTE installed size is 6.4Mb sub-directories of 1Mb or more: data 6.3Mb Flavors: r-devel-linux-x86_64-fedora-clang, r-devel-windows-x86_64, r-release-macos-arm64, r-release-macos-x86_64, r-release-windows-x86_64, r-oldrel-macos-arm64, r-oldrel-windows-x86_64