Last updated on 2023-01-29 05:49:38 CET.
Flavor | Version | Tinstall | Tcheck | Ttotal | Status | Flags |
---|---|---|---|---|---|---|
r-devel-linux-x86_64-debian-clang | 0.1.3 | 18.19 | 88.65 | 106.84 | OK | |
r-devel-linux-x86_64-debian-gcc | 0.1.3 | 16.62 | 65.50 | 82.12 | OK | |
r-devel-linux-x86_64-fedora-clang | 0.1.3 | 137.39 | NOTE | |||
r-devel-linux-x86_64-fedora-gcc | 0.1.3 | 131.25 | OK | |||
r-devel-windows-x86_64 | 0.1.3 | 25.00 | 114.00 | 139.00 | NOTE | |
r-patched-linux-x86_64 | 0.1.3 | 17.90 | 86.55 | 104.45 | OK | |
r-release-linux-x86_64 | 0.1.3 | 17.40 | 87.80 | 105.20 | OK | |
r-release-macos-arm64 | 0.1.3 | 51.00 | NOTE | |||
r-release-macos-x86_64 | 0.1.3 | 62.00 | NOTE | |||
r-release-windows-x86_64 | 0.1.3 | 31.00 | 116.00 | 147.00 | NOTE | |
r-oldrel-macos-arm64 | 0.1.3 | 44.00 | NOTE | |||
r-oldrel-macos-x86_64 | 0.1.3 | 61.00 | NOTE | |||
r-oldrel-windows-ix86+x86_64 | 0.1.3 | 39.00 | 116.00 | 155.00 | NOTE |
Version: 0.1.3
Check: installed package size
Result: NOTE
installed size is 6.4Mb
sub-directories of 1Mb or more:
data 6.3Mb
Flavors: r-devel-linux-x86_64-fedora-clang, r-devel-windows-x86_64, r-release-macos-arm64, r-release-macos-x86_64, r-release-windows-x86_64, r-oldrel-macos-arm64, r-oldrel-macos-x86_64, r-oldrel-windows-ix86+x86_64