CRAN Package Check Results for Package HDoutliers

Last updated on 2022-01-25 05:54:45 CET.

Flavor Version Tinstall Tcheck Ttotal Status Flags
r-devel-linux-x86_64-debian-clang 1.0.3 6.85 72.10 78.95 OK
r-devel-linux-x86_64-debian-gcc 1.0.3 6.43 61.29 67.72 OK
r-devel-linux-x86_64-fedora-clang 1.0.3 92.74 OK
r-devel-linux-x86_64-fedora-gcc 1.0.3 82.90 OK
r-devel-windows-x86_64-new-UL 1.0.3 30.00 89.00 119.00 OK
r-devel-windows-x86_64-new-TK 1.0.3 ERROR
r-patched-linux-x86_64 1.0.3 6.41 67.68 74.09 OK
r-release-linux-x86_64 1.0.3 5.67 67.65 73.32 OK
r-release-macos-arm64 1.0.3 OK
r-release-macos-x86_64 1.0.3 OK
r-release-windows-ix86+x86_64 1.0.3 17.00 77.00 94.00 OK
r-oldrel-macos-x86_64 1.0.3 OK
r-oldrel-windows-ix86+x86_64 1.0.3 18.00 80.00 98.00 OK

Check Details

Version: 1.0.3
Check: package dependencies
Result: ERROR
    Package required but not available: 'FactoMineR'
    
    See section 'The DESCRIPTION file' in the 'Writing R Extensions'
    manual.
Flavor: r-devel-windows-x86_64-new-TK