CRAN Package Check Results for Package HMMmlselect

Last updated on 2020-02-27 05:48:48 CET.

Flavor Version Tinstall Tcheck Ttotal Status Flags
r-devel-linux-x86_64-debian-clang 0.1.5 24.89 55.46 80.35 OK
r-devel-linux-x86_64-debian-gcc 0.1.5 19.82 43.00 62.82 OK
r-devel-linux-x86_64-fedora-clang 0.1.5 104.97 WARN
r-devel-linux-x86_64-fedora-gcc 0.1.5 100.61 OK
r-devel-windows-ix86+x86_64 0.1.5 49.00 135.00 184.00 OK
r-devel-windows-ix86+x86_64-gcc8 0.1.5 54.00 135.00 189.00 OK
r-patched-linux-x86_64 0.1.5 23.37 50.84 74.21 OK
r-patched-solaris-x86 0.1.5 146.70 OK
r-release-linux-x86_64 0.1.5 22.15 50.87 73.02 OK
r-release-windows-ix86+x86_64 0.1.5 45.00 126.00 171.00 OK
r-release-osx-x86_64 0.1.5 OK
r-oldrel-windows-ix86+x86_64 0.1.5 48.00 124.00 172.00 OK
r-oldrel-osx-x86_64 0.1.5 OK

Check Details

Version: 0.1.5
Check: package dependencies
Result: WARN
    Requires orphaned package: ‘DirichletReg’
Flavor: r-devel-linux-x86_64-fedora-clang