CRAN Package Check Results for Package HMP

Last updated on 2021-09-27 05:51:25 CEST.

Flavor Version Tinstall Tcheck Ttotal Status Flags
r-devel-linux-x86_64-debian-clang 2.0.1 12.19 109.93 122.12 OK
r-devel-linux-x86_64-debian-gcc 2.0.1 8.28 82.70 90.98 OK
r-devel-linux-x86_64-fedora-clang 2.0.1 151.33 NOTE
r-devel-linux-x86_64-fedora-gcc 2.0.1 138.05 OK
r-devel-windows-x86_64 2.0.1 14.00 103.00 117.00 OK
r-devel-windows-x86_64-gcc10-UCRT 2.0.1 OK
r-patched-linux-x86_64 2.0.1 11.46 101.08 112.54 OK
r-patched-solaris-x86 2.0.1 197.30 OK
r-release-linux-x86_64 2.0.1 11.82 103.07 114.89 OK
r-release-macos-arm64 2.0.1 OK
r-release-macos-x86_64 2.0.1 OK
r-release-windows-ix86+x86_64 2.0.1 28.00 132.00 160.00 OK
r-oldrel-macos-x86_64 2.0.1 OK
r-oldrel-windows-ix86+x86_64 2.0.1 22.00 105.00 127.00 OK

Check Details

Version: 2.0.1
Check: Rd cross-references
Result: NOTE
    Undeclared package ‘genalg’ in Rd xrefs
Flavor: r-devel-linux-x86_64-fedora-clang