CRAN Package Check Results for Package HRW

Last updated on 2022-01-22 05:10:19 CET.

Flavor Version Tinstall Tcheck Ttotal Status Flags
r-devel-linux-x86_64-debian-clang 1.0-5 17.59 62.33 79.92 OK
r-devel-linux-x86_64-debian-gcc 1.0-5 14.01 49.44 63.45 OK
r-devel-linux-x86_64-fedora-clang 1.0-5 98.82 NOTE
r-devel-linux-x86_64-fedora-gcc 1.0-5 86.67 OK
r-devel-windows-x86_64-new-UL 1.0-5 60.00 89.00 149.00 NOTE
r-devel-windows-x86_64-new-TK 1.0-5 OK
r-patched-linux-x86_64 1.0-5 16.32 59.74 76.06 OK
r-release-linux-x86_64 1.0-5 16.14 59.98 76.12 OK
r-release-macos-arm64 1.0-5 NOTE
r-release-macos-x86_64 1.0-5 NOTE
r-release-windows-ix86+x86_64 1.0-5 24.00 78.00 102.00 NOTE
r-oldrel-macos-x86_64 1.0-5 NOTE
r-oldrel-windows-ix86+x86_64 1.0-5 25.00 76.00 101.00 NOTE

Check Details

Version: 1.0-5
Check: installed package size
Result: NOTE
     installed size is 7.6Mb
     sub-directories of 1Mb or more:
     data 7.1Mb
Flavors: r-devel-linux-x86_64-fedora-clang, r-devel-windows-x86_64-new-UL, r-release-macos-arm64, r-release-macos-x86_64, r-release-windows-ix86+x86_64, r-oldrel-macos-x86_64, r-oldrel-windows-ix86+x86_64