Last updated on 2021-01-22 05:50:30 CET.
Flavor | Version | Tinstall | Tcheck | Ttotal | Status | Flags |
---|---|---|---|---|---|---|
r-devel-linux-x86_64-debian-clang | 0.5.1 | 158.14 | 201.72 | 359.86 | OK | |
r-devel-linux-x86_64-debian-gcc | 0.5.1 | 113.10 | 149.53 | 262.63 | OK | |
r-devel-linux-x86_64-fedora-clang | 0.5.1 | 473.00 | NOTE | |||
r-devel-linux-x86_64-fedora-gcc | 0.5.1 | 436.28 | OK | |||
r-devel-windows-ix86+x86_64 | 0.5.1 | 357.00 | 311.00 | 668.00 | OK | |
r-patched-linux-x86_64 | 0.5.1 | 129.29 | 182.08 | 311.37 | OK | |
r-patched-solaris-x86 | 0.5.1 | 559.50 | OK | |||
r-release-linux-x86_64 | 0.5.1 | 126.87 | 182.55 | 309.42 | OK | |
r-release-macos-x86_64 | 0.5.1 | NOTE | ||||
r-release-windows-ix86+x86_64 | 0.5.1 | 299.00 | 308.00 | 607.00 | OK | |
r-oldrel-macos-x86_64 | 0.5.1 | NOTE | ||||
r-oldrel-windows-ix86+x86_64 | 0.5.1 | 241.00 | 212.00 | 453.00 | OK |
Version: 0.5.1
Check: installed package size
Result: NOTE
installed size is 11.1Mb
sub-directories of 1Mb or more:
libs 10.6Mb
Flavors: r-devel-linux-x86_64-fedora-clang, r-release-macos-x86_64, r-oldrel-macos-x86_64