CRAN Package Check Results for Package HSAR

Last updated on 2021-12-09 05:59:38 CET.

Flavor Version Tinstall Tcheck Ttotal Status Flags
r-devel-linux-x86_64-debian-clang 0.5.1 155.77 339.82 495.59 OK
r-devel-linux-x86_64-debian-gcc 0.5.1 127.19 250.80 377.99 OK
r-devel-linux-x86_64-fedora-clang 0.5.1 702.03 NOTE
r-devel-linux-x86_64-fedora-gcc 0.5.1 657.68 OK
r-devel-windows-x86_64-new-UL 0.5.1 202.00 385.00 587.00 OK
r-devel-windows-x86_64-new-TK 0.5.1 OK
r-devel-windows-x86_64-old 0.5.1 212.00 401.00 613.00 OK
r-patched-linux-x86_64 0.5.1 143.48 330.70 474.18 OK
r-release-linux-x86_64 0.5.1 138.27 337.29 475.56 OK
r-release-macos-arm64 0.5.1 NOTE
r-release-macos-x86_64 0.5.1 NOTE
r-release-windows-ix86+x86_64 0.5.1 300.00 509.00 809.00 OK
r-oldrel-macos-x86_64 0.5.1 NOTE
r-oldrel-windows-ix86+x86_64 0.5.1 398.00 536.00 934.00 OK

Check Details

Version: 0.5.1
Check: installed package size
Result: NOTE
     installed size is 9.1Mb
     sub-directories of 1Mb or more:
     libs 8.5Mb
Flavors: r-devel-linux-x86_64-fedora-clang, r-release-macos-arm64, r-release-macos-x86_64, r-oldrel-macos-x86_64