CRAN Package Check Results for Package HSPOR

Last updated on 2021-12-02 05:48:59 CET.

Flavor Version Tinstall Tcheck Ttotal Status Flags
r-devel-linux-x86_64-debian-clang 1.1.9 14.24 102.63 116.87 NOTE
r-devel-linux-x86_64-debian-gcc 1.1.9 11.33 78.03 89.36 NOTE
r-devel-linux-x86_64-fedora-clang 1.1.9 149.40 NOTE
r-devel-linux-x86_64-fedora-gcc 1.1.9 146.88 NOTE
r-devel-windows-x86_64-new-UL 1.1.9 24.00 136.00 160.00 NOTE
r-devel-windows-x86_64-new-TK 1.1.9 NOTE
r-devel-windows-x86_64-old 1.1.9 22.00 90.00 112.00 NOTE
r-patched-linux-x86_64 1.1.9 13.97 97.62 111.59 NOTE
r-patched-solaris-x86 1.1.9 197.00 NOTE
r-release-linux-x86_64 1.1.9 14.63 97.12 111.75 NOTE
r-release-macos-arm64 1.1.9 NOTE
r-release-macos-x86_64 1.1.9 NOTE
r-release-windows-ix86+x86_64 1.1.9 30.00 129.00 159.00 NOTE
r-oldrel-macos-x86_64 1.1.9 OK
r-oldrel-windows-ix86+x86_64 1.1.9 30.00 125.00 155.00 OK

Check Details

Version: 1.1.9
Check: LazyData
Result: NOTE
     'LazyData' is specified without a 'data' directory
Flavors: r-devel-linux-x86_64-debian-clang, r-devel-linux-x86_64-debian-gcc, r-devel-linux-x86_64-fedora-clang, r-devel-linux-x86_64-fedora-gcc, r-devel-windows-x86_64-new-UL, r-devel-windows-x86_64-new-TK, r-devel-windows-x86_64-old, r-patched-linux-x86_64, r-patched-solaris-x86, r-release-linux-x86_64, r-release-macos-arm64, r-release-macos-x86_64, r-release-windows-ix86+x86_64