CRAN Package Check Results for Package HaDeX

Last updated on 2022-12-02 05:55:18 CET.

Flavor Version Tinstall Tcheck Ttotal Status Flags
r-devel-linux-x86_64-debian-clang 1.2.2 9.74 175.23 184.97 OK
r-devel-linux-x86_64-debian-gcc 1.2.2 8.21 127.14 135.35 OK
r-devel-linux-x86_64-fedora-clang 1.2.2 239.95 NOTE
r-devel-linux-x86_64-fedora-gcc 1.2.2 261.05 NOTE
r-devel-windows-x86_64 1.2.2 46.00 207.00 253.00 NOTE
r-patched-linux-x86_64 1.2.2 14.52 158.21 172.73 OK
r-release-linux-x86_64 1.2.2 8.57 147.44 156.01 OK
r-release-macos-arm64 1.2.2 57.00 NOTE
r-release-macos-x86_64 1.2.2 113.00 NOTE
r-release-windows-x86_64 1.2.2 21.00 209.00 230.00 NOTE
r-oldrel-macos-arm64 1.2.2 87.00 NOTE
r-oldrel-macos-x86_64 1.2.2 78.00 NOTE
r-oldrel-windows-ix86+x86_64 1.2.2 24.00 196.00 220.00 NOTE

Check Details

Version: 1.2.2
Check: installed package size
Result: NOTE
     installed size is 8.2Mb
     sub-directories of 1Mb or more:
     HaDeX 4.1Mb
     doc 4.0Mb
Flavors: r-devel-linux-x86_64-fedora-clang, r-devel-windows-x86_64, r-release-macos-arm64, r-release-macos-x86_64, r-release-windows-x86_64, r-oldrel-macos-arm64, r-oldrel-macos-x86_64, r-oldrel-windows-ix86+x86_64

Version: 1.2.2
Check: dependencies in R code
Result: NOTE
    Namespaces in Imports field not imported from:
     ‘DT’ ‘gsubfn’ ‘stringr’
     All declared Imports should be used.
Flavors: r-devel-linux-x86_64-fedora-clang, r-devel-linux-x86_64-fedora-gcc, r-release-macos-arm64, r-release-macos-x86_64, r-oldrel-macos-arm64, r-oldrel-macos-x86_64