CRAN Package Check Results for Package HistDAWass

Last updated on 2022-01-29 05:52:16 CET.

Flavor Version Tinstall Tcheck Ttotal Status Flags
r-devel-linux-x86_64-debian-clang 1.0.6 74.13 126.83 200.96 OK
r-devel-linux-x86_64-debian-gcc 1.0.6 53.29 93.07 146.36 OK
r-devel-linux-x86_64-fedora-clang 1.0.6 247.97 NOTE
r-devel-linux-x86_64-fedora-gcc 1.0.6 239.09 OK
r-devel-windows-x86_64-new-UL 1.0.6 240.00 173.00 413.00 OK
r-devel-windows-x86_64-new-TK 1.0.6 ERROR
r-patched-linux-x86_64 1.0.6 60.49 112.22 172.71 OK
r-release-linux-x86_64 1.0.6 60.71 110.20 170.91 OK
r-release-macos-arm64 1.0.6 NOTE
r-release-macos-x86_64 1.0.6 NOTE
r-release-windows-ix86+x86_64 1.0.6 142.00 187.00 329.00 OK
r-oldrel-macos-x86_64 1.0.6 NOTE
r-oldrel-windows-ix86+x86_64 1.0.6 143.00 190.00 333.00 OK

Check Details

Version: 1.0.6
Check: installed package size
Result: NOTE
     installed size is 6.9Mb
     sub-directories of 1Mb or more:
     data 1.0Mb
     libs 5.1Mb
Flavors: r-devel-linux-x86_64-fedora-clang, r-release-macos-arm64, r-release-macos-x86_64, r-oldrel-macos-x86_64

Version: 1.0.6
Check: package dependencies
Result: ERROR
    Package required but not available: 'FactoMineR'
    
    See section 'The DESCRIPTION file' in the 'Writing R Extensions'
    manual.
Flavor: r-devel-windows-x86_64-new-TK