Last updated on 2021-01-19 05:48:03 CET.
Flavor | Version | Tinstall | Tcheck | Ttotal | Status | Flags |
---|---|---|---|---|---|---|
r-devel-linux-x86_64-debian-clang | 1.0.4 | 67.36 | 108.44 | 175.80 | OK | |
r-devel-linux-x86_64-debian-gcc | 1.0.4 | 53.78 | 79.61 | 133.39 | OK | |
r-devel-linux-x86_64-fedora-clang | 1.0.4 | 230.62 | NOTE | |||
r-devel-linux-x86_64-fedora-gcc | 1.0.4 | 215.73 | OK | |||
r-devel-windows-ix86+x86_64 | 1.0.4 | 96.00 | 139.00 | 235.00 | OK | |
r-patched-linux-x86_64 | 1.0.4 | 52.45 | 99.74 | 152.19 | OK | |
r-patched-solaris-x86 | 1.0.4 | 229.10 | OK | |||
r-release-linux-x86_64 | 1.0.4 | 57.42 | 97.39 | 154.81 | OK | |
r-release-macos-x86_64 | 1.0.4 | NOTE | ||||
r-release-windows-ix86+x86_64 | 1.0.4 | 118.00 | 158.00 | 276.00 | OK | |
r-oldrel-macos-x86_64 | 1.0.4 | NOTE | ||||
r-oldrel-windows-ix86+x86_64 | 1.0.4 | 94.00 | 133.00 | 227.00 | OK |
Version: 1.0.4
Check: installed package size
Result: NOTE
installed size is 7.3Mb
sub-directories of 1Mb or more:
data 1.0Mb
libs 5.5Mb
Flavors: r-devel-linux-x86_64-fedora-clang, r-release-macos-x86_64, r-oldrel-macos-x86_64