CRAN Package Check Results for Package HiveR

Last updated on 2019-08-22 05:47:01 CEST.

Flavor Version Tinstall Tcheck Ttotal Status Flags
r-devel-linux-x86_64-debian-clang 0.3.42 12.37 195.55 207.92 OK
r-devel-linux-x86_64-debian-gcc 0.3.42 9.67 160.97 170.64 OK
r-devel-linux-x86_64-fedora-clang 0.3.42 261.15 OK
r-devel-linux-x86_64-fedora-gcc 0.3.42 261.29 OK
r-devel-windows-ix86+x86_64 0.3.42 26.00 272.00 298.00 OK
r-patched-linux-x86_64 0.3.42 12.37 202.22 214.59 OK
r-patched-solaris-x86 0.3.42 405.30 OK
r-release-linux-x86_64 0.3.42 12.01 202.21 214.22 OK
r-release-windows-ix86+x86_64 0.3.42 25.00 287.00 312.00 OK
r-release-osx-x86_64 0.3.42 WARN
r-oldrel-windows-ix86+x86_64 0.3.42 18.00 284.00 302.00 OK
r-oldrel-osx-x86_64 0.3.42 OK

Check Details

Version: 0.3.42
Check: whether package can be installed
Result: WARN
    Found the following significant warnings:
     Warning: 'rgl_init' failed, running with rgl.useNULL = TRUE
Flavor: r-release-osx-x86_64