CRAN Package Check Results for Package HydeNet

Last updated on 2022-12-08 06:56:44 CET.

Flavor Version Tinstall Tcheck Ttotal Status Flags
r-devel-linux-x86_64-debian-clang 0.10.11 13.74 149.47 163.21 OK
r-devel-linux-x86_64-debian-gcc 0.10.11 9.37 116.28 125.65 OK
r-devel-linux-x86_64-fedora-clang 0.10.11 206.75 NOTE
r-devel-linux-x86_64-fedora-gcc 0.10.11 209.87 NOTE
r-devel-windows-x86_64 0.10.11 52.00 208.00 260.00 OK
r-patched-linux-x86_64 0.10.11 11.80 135.41 147.21 OK
r-release-linux-x86_64 0.10.11 9.85 132.02 141.87 OK
r-release-macos-arm64 0.10.11 58.00 NOTE
r-release-macos-x86_64 0.10.11 78.00 NOTE
r-release-windows-x86_64 0.10.11 92.00 185.00 277.00 OK
r-oldrel-macos-arm64 0.10.11 52.00 NOTE
r-oldrel-macos-x86_64 0.10.11 98.00 NOTE
r-oldrel-windows-ix86+x86_64 0.10.11 24.00 175.00 199.00 OK

Check Details

Version: 0.10.11
Check: dependencies in R code
Result: NOTE
    Namespace in Imports field not imported from: ‘graph’
     All declared Imports should be used.
Flavors: r-devel-linux-x86_64-fedora-clang, r-devel-linux-x86_64-fedora-gcc, r-release-macos-arm64, r-release-macos-x86_64, r-oldrel-macos-arm64, r-oldrel-macos-x86_64