Last updated on 2023-12-11 05:51:56 CET.
Flavor | Version | Tinstall | Tcheck | Ttotal | Status | Flags |
---|---|---|---|---|---|---|
r-devel-linux-x86_64-debian-clang | 0.4.3 | 22.26 | 113.35 | 135.61 | NOTE | |
r-devel-linux-x86_64-debian-gcc | 0.4.3 | 17.83 | 87.09 | 104.92 | NOTE | |
r-devel-linux-x86_64-fedora-clang | 0.4.3 | 185.61 | NOTE | |||
r-devel-linux-x86_64-fedora-gcc | 0.4.3 | 185.79 | NOTE | |||
r-devel-windows-x86_64 | 0.4.3 | 27.00 | 181.00 | 208.00 | NOTE | |
r-patched-linux-x86_64 | 0.4.3 | 21.65 | 109.70 | 131.35 | NOTE | |
r-release-linux-x86_64 | 0.4.3 | 17.01 | 110.20 | 127.21 | NOTE | |
r-release-macos-arm64 | 0.4.3 | 80.00 | NOTE | |||
r-release-macos-x86_64 | 0.4.3 | 105.00 | NOTE | |||
r-release-windows-x86_64 | 0.4.3 | 30.00 | 170.00 | 200.00 | NOTE | |
r-oldrel-macos-arm64 | 0.4.3 | 66.00 | OK | |||
r-oldrel-macos-x86_64 | 0.4.3 | 78.00 | OK | |||
r-oldrel-windows-x86_64 | 0.4.3 | 30.00 | 159.00 | 189.00 | OK |
Version: 0.4.3
Check: C++ specification
Result: NOTE
Specified C++11: please drop specification unless essential
Flavors: r-devel-linux-x86_64-debian-clang, r-devel-linux-x86_64-debian-gcc, r-devel-linux-x86_64-fedora-clang, r-devel-linux-x86_64-fedora-gcc, r-devel-windows-x86_64, r-patched-linux-x86_64, r-release-linux-x86_64, r-release-macos-arm64, r-release-macos-x86_64, r-release-windows-x86_64
Version: 0.4.3
Check: Rd files
Result: NOTE
checkRd: (-1) EW_popIMD_14.Rd:15: Lost braces in \itemize; meant \describe ?
checkRd: (-1) EW_popIMD_14.Rd:16: Lost braces in \itemize; meant \describe ?
Flavors: r-devel-linux-x86_64-debian-clang, r-devel-linux-x86_64-debian-gcc