CRAN Package Check Results for Package ICAMS

Last updated on 2021-12-06 05:53:12 CET.

Flavor Version Tinstall Tcheck Ttotal Status Flags
r-devel-linux-x86_64-debian-clang 2.3.10 45.28 919.09 964.37 OK
r-devel-linux-x86_64-debian-gcc 2.3.10 43.70 607.90 651.60 OK
r-devel-linux-x86_64-fedora-clang 2.3.10 1046.21 OK
r-devel-linux-x86_64-fedora-gcc 2.3.10 1037.01 OK
r-devel-windows-x86_64-new-UL 2.3.10 92.00 849.00 941.00 OK
r-devel-windows-x86_64-new-TK 2.3.10 OK
r-devel-windows-x86_64-old 2.3.10 76.00 617.00 693.00 OK
r-patched-linux-x86_64 2.3.10 52.98 741.36 794.34 OK
r-release-linux-x86_64 2.3.10 44.50 771.10 815.60 OK
r-release-macos-arm64 2.3.10 NOTE
r-release-macos-x86_64 2.3.10 NOTE
r-release-windows-ix86+x86_64 2.3.10 107.00 825.00 932.00 OK
r-oldrel-macos-x86_64 2.3.10 NOTE
r-oldrel-windows-ix86+x86_64 2.3.10 105.00 796.00 901.00 OK

Check Details

Version: 2.3.10
Check: package dependencies
Result: NOTE
    Package suggested but not available for checking: ‘BSgenome.Mmusculus.UCSC.mm10’
Flavor: r-release-macos-arm64

Version: 2.3.10
Check: package dependencies
Result: NOTE
    Packages suggested but not available for checking:
     'BSgenome.Hsapiens.1000genomes.hs37d5',
     'BSgenome.Hsapiens.UCSC.hg38', 'BSgenome.Mmusculus.UCSC.mm10'
Flavor: r-release-macos-x86_64

Version: 2.3.10
Check: package dependencies
Result: NOTE
    Packages suggested but not available for checking:
     'BSgenome.Hsapiens.1000genomes.hs37d5',
     'BSgenome.Mmusculus.UCSC.mm10'
Flavor: r-oldrel-macos-x86_64