CRAN Package Check Results for Package ICAOD

Last updated on 2022-10-06 05:59:29 CEST.

Flavor Version Tinstall Tcheck Ttotal Status Flags
r-devel-linux-x86_64-debian-clang 1.0.1 146.07 134.56 280.63 NOTE
r-devel-linux-x86_64-debian-gcc 1.0.1 115.37 94.92 210.29 NOTE
r-devel-linux-x86_64-fedora-clang 1.0.1 428.44 NOTE
r-devel-linux-x86_64-fedora-gcc 1.0.1 351.82 NOTE
r-devel-windows-x86_64 1.0.1 118.00 178.00 296.00 NOTE
r-patched-linux-x86_64 1.0.1 97.15 122.96 220.11 NOTE
r-release-linux-x86_64 1.0.1 94.34 121.04 215.38 NOTE
r-release-macos-arm64 1.0.1 79.00 NOTE
r-release-macos-x86_64 1.0.1 132.00 NOTE
r-release-windows-x86_64 1.0.1 121.00 175.00 296.00 NOTE
r-oldrel-macos-arm64 1.0.1 93.00 NOTE
r-oldrel-macos-x86_64 1.0.1 117.00 NOTE
r-oldrel-windows-ix86+x86_64 1.0.1 344.00 227.00 571.00 NOTE

Check Details

Version: 1.0.1
Check: LazyData
Result: NOTE
     'LazyData' is specified without a 'data' directory
Flavors: r-devel-linux-x86_64-debian-clang, r-devel-linux-x86_64-debian-gcc, r-devel-linux-x86_64-fedora-clang, r-devel-linux-x86_64-fedora-gcc, r-devel-windows-x86_64, r-patched-linux-x86_64, r-release-linux-x86_64, r-release-macos-arm64, r-release-macos-x86_64, r-release-windows-x86_64, r-oldrel-macos-arm64, r-oldrel-macos-x86_64, r-oldrel-windows-ix86+x86_64

Version: 1.0.1
Check: installed package size
Result: NOTE
     installed size is 7.0Mb
     sub-directories of 1Mb or more:
     libs 6.2Mb
Flavors: r-release-macos-arm64, r-release-macos-x86_64, r-oldrel-macos-arm64, r-oldrel-macos-x86_64