CRAN Package Check Results for Package ICAOD

Last updated on 2019-09-15 05:46:16 CEST.

Flavor Version Tinstall Tcheck Ttotal Status Flags
r-devel-linux-x86_64-debian-clang 0.9.9 117.59 114.64 232.23 OK
r-devel-linux-x86_64-debian-gcc 0.9.9 97.41 81.57 178.98 OK
r-devel-linux-x86_64-fedora-clang 0.9.9 338.73 NOTE
r-devel-linux-x86_64-fedora-gcc 0.9.9 312.43 OK
r-devel-windows-ix86+x86_64 0.9.9 291.00 229.00 520.00 OK
r-patched-linux-x86_64 0.9.9 112.08 111.26 223.34 OK
r-patched-solaris-x86 0.9.9 284.00 OK
r-release-linux-x86_64 0.9.9 110.85 110.97 221.82 OK
r-release-windows-ix86+x86_64 0.9.9 194.00 174.00 368.00 OK
r-release-osx-x86_64 0.9.9 NOTE
r-oldrel-windows-ix86+x86_64 0.9.9 266.00 164.00 430.00 OK
r-oldrel-osx-x86_64 0.9.9 NOTE

Check Details

Version: 0.9.9
Check: installed package size
Result: NOTE
     installed size is 7.6Mb
     sub-directories of 1Mb or more:
     libs 6.4Mb
Flavors: r-devel-linux-x86_64-fedora-clang, r-release-osx-x86_64, r-oldrel-osx-x86_64