CRAN Package Check Results for Package ICAOD

Last updated on 2019-06-24 05:58:04 CEST.

Flavor Version Tinstall Tcheck Ttotal Status Flags
r-devel-linux-x86_64-debian-clang 0.9.9 120.78 112.48 233.26 OK
r-devel-linux-x86_64-debian-gcc 0.9.9 94.14 83.86 178.00 OK
r-devel-linux-x86_64-fedora-clang 0.9.9 333.76 NOTE
r-devel-linux-x86_64-fedora-gcc 0.9.9 284.29 OK
r-devel-windows-ix86+x86_64 0.9.9 271.00 241.00 512.00 OK
r-patched-linux-x86_64 0.9.9 109.77 112.37 222.14 OK
r-patched-solaris-x86 0.9.9 288.10 OK
r-release-linux-x86_64 0.9.9 112.71 111.93 224.64 OK
r-release-windows-ix86+x86_64 0.9.9 212.00 205.00 417.00 OK
r-release-osx-x86_64 0.9.9 NOTE
r-oldrel-windows-ix86+x86_64 0.9.9 182.00 157.00 339.00 OK
r-oldrel-osx-x86_64 0.9.9 NOTE

Check Details

Version: 0.9.9
Check: installed package size
Result: NOTE
     installed size is 7.3Mb
     sub-directories of 1Mb or more:
     libs 6.1Mb
Flavors: r-devel-linux-x86_64-fedora-clang, r-release-osx-x86_64, r-oldrel-osx-x86_64