CRAN Package Check Results for Package IFAA

Last updated on 2022-01-20 05:50:25 CET.

Flavor Version Tinstall Tcheck Ttotal Status Flags
r-devel-linux-x86_64-debian-clang 1.0.4 OK
r-devel-linux-x86_64-debian-gcc 1.0.4 8.56 80.26 88.82 OK
r-devel-linux-x86_64-fedora-clang 1.0.4 139.42 OK
r-devel-linux-x86_64-fedora-gcc 1.0.4 128.23 OK
r-devel-windows-x86_64-new-UL 1.0.4 31.00 136.00 167.00 OK
r-devel-windows-x86_64-new-TK 1.0.4 OK
r-patched-linux-x86_64 1.0.4 11.87 98.94 110.81 OK
r-release-linux-x86_64 1.0.4 OK
r-release-macos-arm64 1.0.4 OK
r-release-macos-x86_64 1.0.4 OK
r-release-windows-ix86+x86_64 1.0.4 26.00 138.00 164.00 OK
r-oldrel-macos-x86_64 1.0.3 NOTE
r-oldrel-windows-ix86+x86_64 1.0.4 25.00 143.00 168.00 OK

Check Details

Version: 1.0.3
Check: dependencies in R code
Result: NOTE
    Namespaces in Imports field not imported from:
     ‘expm’ ‘rlecuyer’
     All declared Imports should be used.
Flavor: r-oldrel-macos-x86_64