CRAN Package Check Results for Package IFP

Last updated on 2019-12-09 05:47:15 CET.

Flavor Version Tinstall Tcheck Ttotal Status Flags
r-devel-linux-x86_64-debian-clang 0.2.1 30.50 137.42 167.92 OK
r-devel-linux-x86_64-debian-gcc 0.2.1 26.14 105.30 131.44 OK
r-devel-linux-x86_64-fedora-clang 0.2.1 200.08 NOTE
r-devel-linux-x86_64-fedora-gcc 0.2.1 182.92 NOTE
r-devel-windows-ix86+x86_64 0.2.1 53.00 186.00 239.00 OK
r-devel-windows-ix86+x86_64-gcc8 0.2.1 60.00 199.00 259.00 OK
r-patched-linux-x86_64 0.2.1 22.41 118.83 141.24 OK
r-patched-solaris-x86 0.2.1 255.40 OK
r-release-linux-x86_64 0.2.1 26.36 120.04 146.40 OK
r-release-windows-ix86+x86_64 0.2.1 47.00 184.00 231.00 OK
r-release-osx-x86_64 0.2.1 OK
r-oldrel-windows-ix86+x86_64 0.2.1 34.00 160.00 194.00 OK
r-oldrel-osx-x86_64 0.2.1 OK

Check Details

Version: 0.2.1
Check: compiled code
Result: NOTE
    File ‘IFP/libs/IFP.so’:
     Found no calls to: ‘R_registerRoutines’, ‘R_useDynamicSymbols’
    
    It is good practice to register native routines and to disable symbol
    search.
    
    See ‘Writing portable packages’ in the ‘Writing R Extensions’ manual.
Flavors: r-devel-linux-x86_64-fedora-clang, r-devel-linux-x86_64-fedora-gcc