CRAN Package Check Results for Package IFP

Last updated on 2019-08-19 05:46:26 CEST.

Flavor Version Tinstall Tcheck Ttotal Status Flags
r-devel-linux-x86_64-debian-clang 0.2.1 26.61 126.79 153.40 OK
r-devel-linux-x86_64-debian-gcc 0.2.1 20.87 95.86 116.73 OK
r-devel-linux-x86_64-fedora-clang 0.2.1 181.14 NOTE
r-devel-linux-x86_64-fedora-gcc 0.2.1 180.64 NOTE
r-devel-windows-ix86+x86_64 0.2.1 62.00 249.00 311.00 OK
r-patched-linux-x86_64 0.2.1 23.68 121.73 145.41 OK
r-patched-solaris-x86 0.2.1 274.50 OK
r-release-linux-x86_64 0.2.1 23.72 123.82 147.54 OK
r-release-windows-ix86+x86_64 0.2.1 47.00 176.00 223.00 OK
r-release-osx-x86_64 0.2.1 OK
r-oldrel-windows-ix86+x86_64 0.2.1 64.00 225.00 289.00 OK
r-oldrel-osx-x86_64 0.2.1 OK

Check Details

Version: 0.2.1
Check: compiled code
Result: NOTE
    File ‘IFP/libs/IFP.so’:
     Found no calls to: ‘R_registerRoutines’, ‘R_useDynamicSymbols’
    
    It is good practice to register native routines and to disable symbol
    search.
    
    See ‘Writing portable packages’ in the ‘Writing R Extensions’ manual.
Flavors: r-devel-linux-x86_64-fedora-clang, r-devel-linux-x86_64-fedora-gcc